{"id":1467,"date":"2026-02-17T12:55:52","date_gmt":"2026-02-17T12:55:52","guid":{"rendered":"https:\/\/italpackalbania.com\/?post_type=product&#038;p=1467"},"modified":"2026-02-26T08:37:49","modified_gmt":"2026-02-26T08:37:49","slug":"hagleitner-glaseffekt","status":"publish","type":"product","link":"https:\/\/italpackalbania.com\/index.php\/product\/hagleitner-glaseffekt\/","title":{"rendered":"Hagleitner glasEFFEKT"},"content":{"rendered":"<p data-start=\"99\" data-end=\"306\">1 L<\/p>\n<p data-start=\"99\" data-end=\"306\">HAGLEITNER Glass Effect \u00ebsht\u00eb nj\u00eb pastrues profesional p\u00ebr sip\u00ebrfaqe xhami dhe pasqyrash, i ideuar p\u00ebr t\u00eb hequr yndyr\u00ebn, papast\u00ebrtit\u00eb, shenjat e gishtave dhe pluhurin pa l\u00ebn\u00eb vija apo shenja.<\/p>\n<p data-start=\"325\" data-end=\"340\">P\u00ebr pastrim t\u00eb:<\/p>\n<ul data-start=\"341\" data-end=\"422\">\n<li data-start=\"341\" data-end=\"364\">\n<p data-start=\"343\" data-end=\"364\">Dritareve dhe xhamave<\/p>\n<\/li>\n<li data-start=\"365\" data-end=\"376\">\n<p data-start=\"367\" data-end=\"376\">Pasqyrave<\/p>\n<\/li>\n<li data-start=\"377\" data-end=\"388\">\n<p data-start=\"379\" data-end=\"388\">Vitrinave<\/p>\n<\/li>\n<li data-start=\"389\" data-end=\"422\">\n<p data-start=\"391\" data-end=\"422\">\u00c7do sip\u00ebrfaqe tjet\u00ebr prej xhami<\/p>\n<\/li>\n<\/ul>\n<h3 data-start=\"424\" data-end=\"449\">P\u00ebrfitimet kryesore<\/h3>\n<p data-start=\"450\" data-end=\"676\">\u2714\ufe0f Pastron n\u00eb thell\u00ebsi sip\u00ebrfaqet prej xhami pa l\u00ebn\u00eb shenja<br data-start=\"513\" data-end=\"516\" \/>\u2714\ufe0f Heq yndyrat, shenjat e gisht\u00ebrinjve dhe papast\u00ebrtit\u00eb\u00a0<br data-start=\"566\" data-end=\"569\" \/>\u2714\ufe0f Shk\u00eblqim natyral pa lag\u00ebshti t\u00eb dukshme<br data-start=\"615\" data-end=\"618\" \/>\u2714\ufe0f I leht\u00eb p\u00ebr p\u00ebrdorim, i gatsh\u00ebm p\u00ebr p\u00ebrdorim direkt<\/p>\n<h3 data-start=\"678\" data-end=\"699\">Si t\u00eb p\u00ebrdoret<\/h3>\n<ol data-start=\"700\" data-end=\"907\">\n<li data-start=\"700\" data-end=\"761\">\n<p data-start=\"703\" data-end=\"761\">Spruconi direkt sip\u00ebrfaqen q\u00eb d\u00ebshironi t\u00eb pastroni.<\/p>\n<\/li>\n<li data-start=\"762\" data-end=\"827\">\n<p data-start=\"765\" data-end=\"827\">Fshijeni me nj\u00eb leck\u00eb t\u00eb past\u00ebr (preferohet mikrofibra).<\/p>\n<\/li>\n<li data-start=\"828\" data-end=\"907\">\n<p data-start=\"831\" data-end=\"907\">Nuk ka nevoj\u00eb p\u00ebr shp\u00eblarje \u2014 rezultati \u00ebsht\u00eb nj\u00eb xham i past\u00ebr dhe pa vija.<\/p>\n<\/li>\n<\/ol>\n","protected":false},"excerpt":{"rendered":"<p>1 L HAGLEITNER Glass Effect \u00ebsht\u00eb nj\u00eb pastrues profesional p\u00ebr sip\u00ebrfaqe xhami dhe pasqyrash, i ideuar p\u00ebr t\u00eb hequr yndyr\u00ebn, papast\u00ebrtit\u00eb, shenjat e gishtave dhe pluhurin pa l\u00ebn\u00eb vija apo shenja. P\u00ebr pastrim t\u00eb: Dritareve dhe xhamave Pasqyrave Vitrinave \u00c7do sip\u00ebrfaqe tjet\u00ebr prej xhami P\u00ebrfitimet kryesore \u2714\ufe0f Pastron n\u00eb thell\u00ebsi sip\u00ebrfaqet prej xhami pa l\u00ebn\u00eb&hellip;<\/p>\n","protected":false},"featured_media":676,"template":"","meta":[],"product_brand":[],"product_cat":[24,29],"product_tag":[42,30,31,38],"class_list":{"0":"post-1467","1":"product","2":"type-product","3":"status-publish","4":"has-post-thumbnail","6":"product_cat-kompani-pastrimi","7":"product_cat-produkte-pastrimi","8":"product_tag-detergjente-per-pastrim","9":"product_tag-higjiene","10":"product_tag-pastrim","11":"product_tag-pastrues-per-xhama","12":"description-off","14":"first","15":"instock","16":"shipping-taxable","17":"purchasable","18":"product-type-simple"},"yoast_head":"<!-- This site is optimized with the Yoast SEO plugin v26.7 - https:\/\/yoast.com\/wordpress\/plugins\/seo\/ -->\n<title>Hagleitner glasEFFEKT - Italpack Albania<\/title>\n<meta name=\"description\" content=\"Zbuloni gam\u00ebn ton\u00eb t\u00eb plot\u00eb t\u00eb produkteve p\u00ebr hotele dhe biznese: amenities premium, detergjente profesionale dhe paketime\" \/>\n<meta name=\"robots\" content=\"index, follow, max-snippet:-1, max-image-preview:large, max-video-preview:-1\" \/>\n<link rel=\"canonical\" href=\"https:\/\/italpackalbania.com\/index.php\/product\/hagleitner-glaseffekt\/\" \/>\n<meta property=\"og:locale\" content=\"en_US\" \/>\n<meta property=\"og:type\" content=\"article\" \/>\n<meta property=\"og:title\" content=\"Hagleitner glasEFFEKT - Italpack Albania\" \/>\n<meta property=\"og:description\" content=\"Zbuloni gam\u00ebn ton\u00eb t\u00eb plot\u00eb t\u00eb produkteve p\u00ebr hotele dhe biznese: amenities premium, detergjente profesionale dhe paketime\" \/>\n<meta property=\"og:url\" content=\"https:\/\/italpackalbania.com\/index.php\/product\/hagleitner-glaseffekt\/\" \/>\n<meta property=\"og:site_name\" content=\"Italpack Albania\" \/>\n<meta property=\"article:publisher\" content=\"https:\/\/www.facebook.com\/italpack.albania.37\/\" \/>\n<meta property=\"article:modified_time\" content=\"2026-02-26T08:37:49+00:00\" \/>\n<meta property=\"og:image\" content=\"https:\/\/italpackalbania.com\/wp-content\/uploads\/2025\/11\/Untitled-design-1.png\" \/>\n\t<meta property=\"og:image:width\" content=\"1654\" \/>\n\t<meta property=\"og:image:height\" content=\"1654\" \/>\n\t<meta property=\"og:image:type\" content=\"image\/png\" \/>\n<meta name=\"twitter:card\" content=\"summary_large_image\" \/>\n<meta name=\"twitter:label1\" content=\"Est. reading time\" \/>\n\t<meta name=\"twitter:data1\" content=\"1 minute\" \/>\n<script type=\"application\/ld+json\" class=\"yoast-schema-graph\">{\"@context\":\"https:\/\/schema.org\",\"@graph\":[{\"@type\":\"WebPage\",\"@id\":\"https:\/\/italpackalbania.com\/index.php\/product\/hagleitner-glaseffekt\/\",\"url\":\"https:\/\/italpackalbania.com\/index.php\/product\/hagleitner-glaseffekt\/\",\"name\":\"Hagleitner glasEFFEKT - Italpack Albania\",\"isPartOf\":{\"@id\":\"https:\/\/italpackalbania.com\/#website\"},\"primaryImageOfPage\":{\"@id\":\"https:\/\/italpackalbania.com\/index.php\/product\/hagleitner-glaseffekt\/#primaryimage\"},\"image\":{\"@id\":\"https:\/\/italpackalbania.com\/index.php\/product\/hagleitner-glaseffekt\/#primaryimage\"},\"thumbnailUrl\":\"https:\/\/italpackalbania.com\/wp-content\/uploads\/2025\/11\/Untitled-design-1.png\",\"datePublished\":\"2026-02-17T12:55:52+00:00\",\"dateModified\":\"2026-02-26T08:37:49+00:00\",\"description\":\"Zbuloni gam\u00ebn ton\u00eb t\u00eb plot\u00eb t\u00eb produkteve p\u00ebr hotele dhe biznese: amenities premium, detergjente profesionale dhe paketime\",\"breadcrumb\":{\"@id\":\"https:\/\/italpackalbania.com\/index.php\/product\/hagleitner-glaseffekt\/#breadcrumb\"},\"inLanguage\":\"en-US\",\"potentialAction\":[{\"@type\":\"ReadAction\",\"target\":[\"https:\/\/italpackalbania.com\/index.php\/product\/hagleitner-glaseffekt\/\"]}]},{\"@type\":\"ImageObject\",\"inLanguage\":\"en-US\",\"@id\":\"https:\/\/italpackalbania.com\/index.php\/product\/hagleitner-glaseffekt\/#primaryimage\",\"url\":\"https:\/\/italpackalbania.com\/wp-content\/uploads\/2025\/11\/Untitled-design-1.png\",\"contentUrl\":\"https:\/\/italpackalbania.com\/wp-content\/uploads\/2025\/11\/Untitled-design-1.png\",\"width\":1654,\"height\":1654,\"caption\":\"detergjente per pastrim\"},{\"@type\":\"BreadcrumbList\",\"@id\":\"https:\/\/italpackalbania.com\/index.php\/product\/hagleitner-glaseffekt\/#breadcrumb\",\"itemListElement\":[{\"@type\":\"ListItem\",\"position\":1,\"name\":\"Home\",\"item\":\"https:\/\/italpackalbania.com\/\"},{\"@type\":\"ListItem\",\"position\":2,\"name\":\"Products\",\"item\":\"https:\/\/italpackalbania.com\/index.php\/shop\/\"},{\"@type\":\"ListItem\",\"position\":3,\"name\":\"Hagleitner glasEFFEKT\"}]},{\"@type\":\"WebSite\",\"@id\":\"https:\/\/italpackalbania.com\/#website\",\"url\":\"https:\/\/italpackalbania.com\/\",\"name\":\"Italpack Albania\",\"description\":\"Aksesor\u00eb p\u00ebr hoteleri, detergjent\u00eb p\u00ebr sht\u00ebpi, hoteleri, restorante, paketime p\u00ebr delivery, ambalazhime p\u00ebr biznese\",\"publisher\":{\"@id\":\"https:\/\/italpackalbania.com\/#organization\"},\"potentialAction\":[{\"@type\":\"SearchAction\",\"target\":{\"@type\":\"EntryPoint\",\"urlTemplate\":\"https:\/\/italpackalbania.com\/?s={search_term_string}\"},\"query-input\":{\"@type\":\"PropertyValueSpecification\",\"valueRequired\":true,\"valueName\":\"search_term_string\"}}],\"inLanguage\":\"en-US\"},{\"@type\":\"Organization\",\"@id\":\"https:\/\/italpackalbania.com\/#organization\",\"name\":\"ItalPack Albania\",\"url\":\"https:\/\/italpackalbania.com\/\",\"logo\":{\"@type\":\"ImageObject\",\"inLanguage\":\"en-US\",\"@id\":\"https:\/\/italpackalbania.com\/#\/schema\/logo\/image\/\",\"url\":\"https:\/\/italpackalbania.com\/wp-content\/uploads\/2025\/12\/cropped-italpack-logo.png\",\"contentUrl\":\"https:\/\/italpackalbania.com\/wp-content\/uploads\/2025\/12\/cropped-italpack-logo.png\",\"width\":512,\"height\":512,\"caption\":\"ItalPack Albania\"},\"image\":{\"@id\":\"https:\/\/italpackalbania.com\/#\/schema\/logo\/image\/\"},\"sameAs\":[\"https:\/\/www.facebook.com\/italpack.albania.37\/\",\"https:\/\/www.instagram.com\/italpackalbania\/\"]}]}<\/script>\n<!-- \/ Yoast SEO plugin. -->","yoast_head_json":{"title":"Hagleitner glasEFFEKT - Italpack Albania","description":"Zbuloni gam\u00ebn ton\u00eb t\u00eb plot\u00eb t\u00eb produkteve p\u00ebr hotele dhe biznese: amenities premium, detergjente profesionale dhe paketime","robots":{"index":"index","follow":"follow","max-snippet":"max-snippet:-1","max-image-preview":"max-image-preview:large","max-video-preview":"max-video-preview:-1"},"canonical":"https:\/\/italpackalbania.com\/index.php\/product\/hagleitner-glaseffekt\/","og_locale":"en_US","og_type":"article","og_title":"Hagleitner glasEFFEKT - Italpack Albania","og_description":"Zbuloni gam\u00ebn ton\u00eb t\u00eb plot\u00eb t\u00eb produkteve p\u00ebr hotele dhe biznese: amenities premium, detergjente profesionale dhe paketime","og_url":"https:\/\/italpackalbania.com\/index.php\/product\/hagleitner-glaseffekt\/","og_site_name":"Italpack Albania","article_publisher":"https:\/\/www.facebook.com\/italpack.albania.37\/","article_modified_time":"2026-02-26T08:37:49+00:00","og_image":[{"width":1654,"height":1654,"url":"https:\/\/italpackalbania.com\/wp-content\/uploads\/2025\/11\/Untitled-design-1.png","type":"image\/png"}],"twitter_card":"summary_large_image","twitter_misc":{"Est. reading time":"1 minute"},"schema":{"@context":"https:\/\/schema.org","@graph":[{"@type":"WebPage","@id":"https:\/\/italpackalbania.com\/index.php\/product\/hagleitner-glaseffekt\/","url":"https:\/\/italpackalbania.com\/index.php\/product\/hagleitner-glaseffekt\/","name":"Hagleitner glasEFFEKT - Italpack Albania","isPartOf":{"@id":"https:\/\/italpackalbania.com\/#website"},"primaryImageOfPage":{"@id":"https:\/\/italpackalbania.com\/index.php\/product\/hagleitner-glaseffekt\/#primaryimage"},"image":{"@id":"https:\/\/italpackalbania.com\/index.php\/product\/hagleitner-glaseffekt\/#primaryimage"},"thumbnailUrl":"https:\/\/italpackalbania.com\/wp-content\/uploads\/2025\/11\/Untitled-design-1.png","datePublished":"2026-02-17T12:55:52+00:00","dateModified":"2026-02-26T08:37:49+00:00","description":"Zbuloni gam\u00ebn ton\u00eb t\u00eb plot\u00eb t\u00eb produkteve p\u00ebr hotele dhe biznese: amenities premium, detergjente profesionale dhe paketime","breadcrumb":{"@id":"https:\/\/italpackalbania.com\/index.php\/product\/hagleitner-glaseffekt\/#breadcrumb"},"inLanguage":"en-US","potentialAction":[{"@type":"ReadAction","target":["https:\/\/italpackalbania.com\/index.php\/product\/hagleitner-glaseffekt\/"]}]},{"@type":"ImageObject","inLanguage":"en-US","@id":"https:\/\/italpackalbania.com\/index.php\/product\/hagleitner-glaseffekt\/#primaryimage","url":"https:\/\/italpackalbania.com\/wp-content\/uploads\/2025\/11\/Untitled-design-1.png","contentUrl":"https:\/\/italpackalbania.com\/wp-content\/uploads\/2025\/11\/Untitled-design-1.png","width":1654,"height":1654,"caption":"detergjente per pastrim"},{"@type":"BreadcrumbList","@id":"https:\/\/italpackalbania.com\/index.php\/product\/hagleitner-glaseffekt\/#breadcrumb","itemListElement":[{"@type":"ListItem","position":1,"name":"Home","item":"https:\/\/italpackalbania.com\/"},{"@type":"ListItem","position":2,"name":"Products","item":"https:\/\/italpackalbania.com\/index.php\/shop\/"},{"@type":"ListItem","position":3,"name":"Hagleitner glasEFFEKT"}]},{"@type":"WebSite","@id":"https:\/\/italpackalbania.com\/#website","url":"https:\/\/italpackalbania.com\/","name":"Italpack Albania","description":"Aksesor\u00eb p\u00ebr hoteleri, detergjent\u00eb p\u00ebr sht\u00ebpi, hoteleri, restorante, paketime p\u00ebr delivery, ambalazhime p\u00ebr biznese","publisher":{"@id":"https:\/\/italpackalbania.com\/#organization"},"potentialAction":[{"@type":"SearchAction","target":{"@type":"EntryPoint","urlTemplate":"https:\/\/italpackalbania.com\/?s={search_term_string}"},"query-input":{"@type":"PropertyValueSpecification","valueRequired":true,"valueName":"search_term_string"}}],"inLanguage":"en-US"},{"@type":"Organization","@id":"https:\/\/italpackalbania.com\/#organization","name":"ItalPack Albania","url":"https:\/\/italpackalbania.com\/","logo":{"@type":"ImageObject","inLanguage":"en-US","@id":"https:\/\/italpackalbania.com\/#\/schema\/logo\/image\/","url":"https:\/\/italpackalbania.com\/wp-content\/uploads\/2025\/12\/cropped-italpack-logo.png","contentUrl":"https:\/\/italpackalbania.com\/wp-content\/uploads\/2025\/12\/cropped-italpack-logo.png","width":512,"height":512,"caption":"ItalPack Albania"},"image":{"@id":"https:\/\/italpackalbania.com\/#\/schema\/logo\/image\/"},"sameAs":["https:\/\/www.facebook.com\/italpack.albania.37\/","https:\/\/www.instagram.com\/italpackalbania\/"]}]}},"_links":{"self":[{"href":"https:\/\/italpackalbania.com\/index.php\/wp-json\/wp\/v2\/product\/1467","targetHints":{"allow":["GET"]}}],"collection":[{"href":"https:\/\/italpackalbania.com\/index.php\/wp-json\/wp\/v2\/product"}],"about":[{"href":"https:\/\/italpackalbania.com\/index.php\/wp-json\/wp\/v2\/types\/product"}],"wp:featuredmedia":[{"embeddable":true,"href":"https:\/\/italpackalbania.com\/index.php\/wp-json\/wp\/v2\/media\/676"}],"wp:attachment":[{"href":"https:\/\/italpackalbania.com\/index.php\/wp-json\/wp\/v2\/media?parent=1467"}],"wp:term":[{"taxonomy":"product_brand","embeddable":true,"href":"https:\/\/italpackalbania.com\/index.php\/wp-json\/wp\/v2\/product_brand?post=1467"},{"taxonomy":"product_cat","embeddable":true,"href":"https:\/\/italpackalbania.com\/index.php\/wp-json\/wp\/v2\/product_cat?post=1467"},{"taxonomy":"product_tag","embeddable":true,"href":"https:\/\/italpackalbania.com\/index.php\/wp-json\/wp\/v2\/product_tag?post=1467"}],"curies":[{"name":"wp","href":"https:\/\/api.w.org\/{rel}","templated":true}]}}