{"id":1478,"date":"2026-02-18T09:09:51","date_gmt":"2026-02-18T09:09:51","guid":{"rendered":"https:\/\/italpackalbania.com\/?post_type=product&#038;p=1478"},"modified":"2026-03-17T13:16:53","modified_gmt":"2026-03-17T13:16:53","slug":"sydex-dailysyd","status":"publish","type":"product","link":"https:\/\/italpackalbania.com\/index.php\/product\/sydex-dailysyd\/","title":{"rendered":"Antikalkare Sydex DAILYSYD"},"content":{"rendered":"<p data-start=\"117\" data-end=\"460\">750 ml<\/p>\n<p data-start=\"117\" data-end=\"460\">Detergjent i p\u00ebrshtatsh\u00ebm p\u00ebr pastrimin e p\u00ebrditsh\u00ebm t\u00eb sip\u00ebrfaqeve, duke ofruar higjien\u00eb, freski dhe nj\u00eb arom\u00eb t\u00eb k\u00ebndshme q\u00eb zgjat. Formula e tij e balancuar pastron n\u00eb m\u00ebnyr\u00eb efektive pa d\u00ebmtuar sip\u00ebrfaqet, duke e b\u00ebr\u00eb ideal p\u00ebr p\u00ebrdorim t\u00eb shpesht\u00eb.<\/p>\n<p data-start=\"462\" data-end=\"482\">Mund t\u00eb p\u00ebrdoret n\u00eb:<\/p>\n<ul data-start=\"484\" data-end=\"614\">\n<li data-start=\"484\" data-end=\"500\">\n<p data-start=\"486\" data-end=\"500\">Tualete<\/p>\n<\/li>\n<li data-start=\"501\" data-end=\"511\">\n<p data-start=\"503\" data-end=\"511\">Pileta<\/p>\n<\/li>\n<li data-start=\"512\" data-end=\"534\">\n<p data-start=\"514\" data-end=\"534\">Pllaka dhe parkete<\/p>\n<\/li>\n<li data-start=\"535\" data-end=\"552\">\n<p data-start=\"537\" data-end=\"552\">K\u00ebnde banjosh<\/p>\n<\/li>\n<li data-start=\"553\" data-end=\"614\">\n<p data-start=\"555\" data-end=\"614\">Sip\u00ebrfaqe t\u00eb ndryshme n\u00eb sht\u00ebpi dhe ambiente profesionale<\/p>\n<\/li>\n<\/ul>\n<p data-start=\"616\" data-end=\"686\">Siguron past\u00ebrti t\u00eb dukshme dhe ndjesi freskie n\u00eb t\u00eb gjith\u00eb ambientin.<\/p>\n<p data-start=\"688\" data-end=\"712\"><strong data-start=\"688\" data-end=\"712\">P\u00ebrfitimet kryesore:<\/strong><\/p>\n<ul data-start=\"714\" data-end=\"939\">\n<li data-start=\"714\" data-end=\"765\">\n<p data-start=\"716\" data-end=\"765\">Pastrim i sigurt dhe efektiv p\u00ebr p\u00ebrdorim ditor<\/p>\n<\/li>\n<li data-start=\"766\" data-end=\"798\">\n<p data-start=\"768\" data-end=\"798\">Redukton er\u00ebrat e pak\u00ebndshme<\/p>\n<\/li>\n<li data-start=\"799\" data-end=\"838\">\n<p data-start=\"801\" data-end=\"838\">L\u00eb arom\u00eb t\u00eb fresk\u00ebt dhe t\u00eb k\u00ebndshme<\/p>\n<\/li>\n<li data-start=\"839\" data-end=\"882\">\n<p data-start=\"841\" data-end=\"882\">I leht\u00eb p\u00ebr p\u00ebrdorim n\u00eb shum\u00eb sip\u00ebrfaqe<\/p>\n<\/li>\n<li data-start=\"883\" data-end=\"939\">\n<p data-start=\"885\" data-end=\"939\">Ideal p\u00ebr sht\u00ebpi, zyra, hotele dhe ambiente sh\u00ebrbimi<\/p>\n<\/li>\n<\/ul>\n<p data-start=\"941\" data-end=\"960\"><strong data-start=\"941\" data-end=\"960\">Si t\u00eb p\u00ebrdoret:<\/strong><\/p>\n<p data-start=\"962\" data-end=\"1204\">Aplikojeni direkt ose t\u00eb holluar sipas nivelit t\u00eb papast\u00ebrtis\u00eb n\u00eb sip\u00ebrfaqen q\u00eb d\u00ebshironi t\u00eb pastroni. F\u00ebrkojeni me leck\u00eb ose sfungjer dhe l\u00ebreni t\u00eb veproj\u00eb p\u00ebr disa minuta p\u00ebr rezultat optimal. Nuk k\u00ebrkon shp\u00eblarje n\u00eb sip\u00ebrfaqe t\u00eb zakonshme.<\/p>\n<p data-start=\"1206\" data-end=\"1310\"><strong data-start=\"1206\" data-end=\"1219\">K\u00ebshill\u00eb:<\/strong><br data-start=\"1219\" data-end=\"1222\" \/>P\u00ebrdoreni \u00e7do dit\u00eb p\u00ebr t\u00eb ruajtur past\u00ebrtin\u00eb, freskin\u00eb dhe higjien\u00ebn n\u00eb ambientet tuaja.<\/p>\n","protected":false},"excerpt":{"rendered":"<p>750 ml Detergjent i p\u00ebrshtatsh\u00ebm p\u00ebr pastrimin e p\u00ebrditsh\u00ebm t\u00eb sip\u00ebrfaqeve, duke ofruar higjien\u00eb, freski dhe nj\u00eb arom\u00eb t\u00eb k\u00ebndshme q\u00eb zgjat. Formula e tij e balancuar pastron n\u00eb m\u00ebnyr\u00eb efektive pa d\u00ebmtuar sip\u00ebrfaqet, duke e b\u00ebr\u00eb ideal p\u00ebr p\u00ebrdorim t\u00eb shpesht\u00eb. Mund t\u00eb p\u00ebrdoret n\u00eb: Tualete Pileta Pllaka dhe parkete K\u00ebnde banjosh Sip\u00ebrfaqe t\u00eb&hellip;<\/p>\n","protected":false},"featured_media":1347,"template":"","meta":[],"product_brand":[],"product_cat":[15],"product_tag":[101,41],"class_list":{"0":"post-1478","1":"product","2":"type-product","3":"status-publish","4":"has-post-thumbnail","6":"product_cat-uncategorized","7":"product_tag-detergjent-tualeti","8":"product_tag-detergjente-pastrimi","9":"description-off","11":"first","12":"instock","13":"shipping-taxable","14":"purchasable","15":"product-type-simple"},"yoast_head":"<!-- This site is optimized with the Yoast SEO plugin v26.7 - https:\/\/yoast.com\/wordpress\/plugins\/seo\/ -->\n<title>Antikalkare Sydex DAILYSYD - Italpack Albania<\/title>\n<meta name=\"description\" content=\"Zbuloni gam\u00ebn ton\u00eb t\u00eb plot\u00eb t\u00eb produkteve p\u00ebr hotele dhe biznese: amenities premium, detergjente profesionale dhe paketime\" \/>\n<meta name=\"robots\" content=\"index, follow, max-snippet:-1, max-image-preview:large, max-video-preview:-1\" \/>\n<link rel=\"canonical\" href=\"https:\/\/italpackalbania.com\/index.php\/product\/sydex-dailysyd\/\" \/>\n<meta property=\"og:locale\" content=\"en_US\" \/>\n<meta property=\"og:type\" content=\"article\" \/>\n<meta property=\"og:title\" content=\"Antikalkare Sydex DAILYSYD - Italpack Albania\" \/>\n<meta property=\"og:description\" content=\"Zbuloni gam\u00ebn ton\u00eb t\u00eb plot\u00eb t\u00eb produkteve p\u00ebr hotele dhe biznese: amenities premium, detergjente profesionale dhe paketime\" \/>\n<meta property=\"og:url\" content=\"https:\/\/italpackalbania.com\/index.php\/product\/sydex-dailysyd\/\" \/>\n<meta property=\"og:site_name\" content=\"Italpack Albania\" \/>\n<meta property=\"article:publisher\" content=\"https:\/\/www.facebook.com\/italpack.albania.37\/\" \/>\n<meta property=\"article:modified_time\" content=\"2026-03-17T13:16:53+00:00\" \/>\n<meta property=\"og:image\" content=\"https:\/\/italpackalbania.com\/wp-content\/uploads\/2026\/02\/detergjente-per-pastrim.png\" \/>\n\t<meta property=\"og:image:width\" content=\"500\" \/>\n\t<meta property=\"og:image:height\" content=\"500\" \/>\n\t<meta property=\"og:image:type\" content=\"image\/png\" \/>\n<meta name=\"twitter:card\" content=\"summary_large_image\" \/>\n<meta name=\"twitter:label1\" content=\"Est. reading time\" \/>\n\t<meta name=\"twitter:data1\" content=\"1 minute\" \/>\n<script type=\"application\/ld+json\" class=\"yoast-schema-graph\">{\"@context\":\"https:\/\/schema.org\",\"@graph\":[{\"@type\":\"WebPage\",\"@id\":\"https:\/\/italpackalbania.com\/index.php\/product\/sydex-dailysyd\/\",\"url\":\"https:\/\/italpackalbania.com\/index.php\/product\/sydex-dailysyd\/\",\"name\":\"Antikalkare Sydex DAILYSYD - Italpack Albania\",\"isPartOf\":{\"@id\":\"https:\/\/italpackalbania.com\/#website\"},\"primaryImageOfPage\":{\"@id\":\"https:\/\/italpackalbania.com\/index.php\/product\/sydex-dailysyd\/#primaryimage\"},\"image\":{\"@id\":\"https:\/\/italpackalbania.com\/index.php\/product\/sydex-dailysyd\/#primaryimage\"},\"thumbnailUrl\":\"https:\/\/italpackalbania.com\/wp-content\/uploads\/2026\/02\/detergjente-per-pastrim.png\",\"datePublished\":\"2026-02-18T09:09:51+00:00\",\"dateModified\":\"2026-03-17T13:16:53+00:00\",\"description\":\"Zbuloni gam\u00ebn ton\u00eb t\u00eb plot\u00eb t\u00eb produkteve p\u00ebr hotele dhe biznese: amenities premium, detergjente profesionale dhe paketime\",\"breadcrumb\":{\"@id\":\"https:\/\/italpackalbania.com\/index.php\/product\/sydex-dailysyd\/#breadcrumb\"},\"inLanguage\":\"en-US\",\"potentialAction\":[{\"@type\":\"ReadAction\",\"target\":[\"https:\/\/italpackalbania.com\/index.php\/product\/sydex-dailysyd\/\"]}]},{\"@type\":\"ImageObject\",\"inLanguage\":\"en-US\",\"@id\":\"https:\/\/italpackalbania.com\/index.php\/product\/sydex-dailysyd\/#primaryimage\",\"url\":\"https:\/\/italpackalbania.com\/wp-content\/uploads\/2026\/02\/detergjente-per-pastrim.png\",\"contentUrl\":\"https:\/\/italpackalbania.com\/wp-content\/uploads\/2026\/02\/detergjente-per-pastrim.png\",\"width\":500,\"height\":500},{\"@type\":\"BreadcrumbList\",\"@id\":\"https:\/\/italpackalbania.com\/index.php\/product\/sydex-dailysyd\/#breadcrumb\",\"itemListElement\":[{\"@type\":\"ListItem\",\"position\":1,\"name\":\"Home\",\"item\":\"https:\/\/italpackalbania.com\/\"},{\"@type\":\"ListItem\",\"position\":2,\"name\":\"Products\",\"item\":\"https:\/\/italpackalbania.com\/index.php\/shop\/\"},{\"@type\":\"ListItem\",\"position\":3,\"name\":\"Antikalkare Sydex DAILYSYD\"}]},{\"@type\":\"WebSite\",\"@id\":\"https:\/\/italpackalbania.com\/#website\",\"url\":\"https:\/\/italpackalbania.com\/\",\"name\":\"Italpack Albania\",\"description\":\"Aksesor\u00eb p\u00ebr hoteleri, detergjent\u00eb p\u00ebr sht\u00ebpi, hoteleri, restorante, paketime p\u00ebr delivery, ambalazhime p\u00ebr biznese\",\"publisher\":{\"@id\":\"https:\/\/italpackalbania.com\/#organization\"},\"potentialAction\":[{\"@type\":\"SearchAction\",\"target\":{\"@type\":\"EntryPoint\",\"urlTemplate\":\"https:\/\/italpackalbania.com\/?s={search_term_string}\"},\"query-input\":{\"@type\":\"PropertyValueSpecification\",\"valueRequired\":true,\"valueName\":\"search_term_string\"}}],\"inLanguage\":\"en-US\"},{\"@type\":\"Organization\",\"@id\":\"https:\/\/italpackalbania.com\/#organization\",\"name\":\"ItalPack Albania\",\"url\":\"https:\/\/italpackalbania.com\/\",\"logo\":{\"@type\":\"ImageObject\",\"inLanguage\":\"en-US\",\"@id\":\"https:\/\/italpackalbania.com\/#\/schema\/logo\/image\/\",\"url\":\"https:\/\/italpackalbania.com\/wp-content\/uploads\/2025\/12\/cropped-italpack-logo.png\",\"contentUrl\":\"https:\/\/italpackalbania.com\/wp-content\/uploads\/2025\/12\/cropped-italpack-logo.png\",\"width\":512,\"height\":512,\"caption\":\"ItalPack Albania\"},\"image\":{\"@id\":\"https:\/\/italpackalbania.com\/#\/schema\/logo\/image\/\"},\"sameAs\":[\"https:\/\/www.facebook.com\/italpack.albania.37\/\",\"https:\/\/www.instagram.com\/italpackalbania\/\"]}]}<\/script>\n<!-- \/ Yoast SEO plugin. -->","yoast_head_json":{"title":"Antikalkare Sydex DAILYSYD - Italpack Albania","description":"Zbuloni gam\u00ebn ton\u00eb t\u00eb plot\u00eb t\u00eb produkteve p\u00ebr hotele dhe biznese: amenities premium, detergjente profesionale dhe paketime","robots":{"index":"index","follow":"follow","max-snippet":"max-snippet:-1","max-image-preview":"max-image-preview:large","max-video-preview":"max-video-preview:-1"},"canonical":"https:\/\/italpackalbania.com\/index.php\/product\/sydex-dailysyd\/","og_locale":"en_US","og_type":"article","og_title":"Antikalkare Sydex DAILYSYD - Italpack Albania","og_description":"Zbuloni gam\u00ebn ton\u00eb t\u00eb plot\u00eb t\u00eb produkteve p\u00ebr hotele dhe biznese: amenities premium, detergjente profesionale dhe paketime","og_url":"https:\/\/italpackalbania.com\/index.php\/product\/sydex-dailysyd\/","og_site_name":"Italpack Albania","article_publisher":"https:\/\/www.facebook.com\/italpack.albania.37\/","article_modified_time":"2026-03-17T13:16:53+00:00","og_image":[{"width":500,"height":500,"url":"https:\/\/italpackalbania.com\/wp-content\/uploads\/2026\/02\/detergjente-per-pastrim.png","type":"image\/png"}],"twitter_card":"summary_large_image","twitter_misc":{"Est. reading time":"1 minute"},"schema":{"@context":"https:\/\/schema.org","@graph":[{"@type":"WebPage","@id":"https:\/\/italpackalbania.com\/index.php\/product\/sydex-dailysyd\/","url":"https:\/\/italpackalbania.com\/index.php\/product\/sydex-dailysyd\/","name":"Antikalkare Sydex DAILYSYD - Italpack Albania","isPartOf":{"@id":"https:\/\/italpackalbania.com\/#website"},"primaryImageOfPage":{"@id":"https:\/\/italpackalbania.com\/index.php\/product\/sydex-dailysyd\/#primaryimage"},"image":{"@id":"https:\/\/italpackalbania.com\/index.php\/product\/sydex-dailysyd\/#primaryimage"},"thumbnailUrl":"https:\/\/italpackalbania.com\/wp-content\/uploads\/2026\/02\/detergjente-per-pastrim.png","datePublished":"2026-02-18T09:09:51+00:00","dateModified":"2026-03-17T13:16:53+00:00","description":"Zbuloni gam\u00ebn ton\u00eb t\u00eb plot\u00eb t\u00eb produkteve p\u00ebr hotele dhe biznese: amenities premium, detergjente profesionale dhe paketime","breadcrumb":{"@id":"https:\/\/italpackalbania.com\/index.php\/product\/sydex-dailysyd\/#breadcrumb"},"inLanguage":"en-US","potentialAction":[{"@type":"ReadAction","target":["https:\/\/italpackalbania.com\/index.php\/product\/sydex-dailysyd\/"]}]},{"@type":"ImageObject","inLanguage":"en-US","@id":"https:\/\/italpackalbania.com\/index.php\/product\/sydex-dailysyd\/#primaryimage","url":"https:\/\/italpackalbania.com\/wp-content\/uploads\/2026\/02\/detergjente-per-pastrim.png","contentUrl":"https:\/\/italpackalbania.com\/wp-content\/uploads\/2026\/02\/detergjente-per-pastrim.png","width":500,"height":500},{"@type":"BreadcrumbList","@id":"https:\/\/italpackalbania.com\/index.php\/product\/sydex-dailysyd\/#breadcrumb","itemListElement":[{"@type":"ListItem","position":1,"name":"Home","item":"https:\/\/italpackalbania.com\/"},{"@type":"ListItem","position":2,"name":"Products","item":"https:\/\/italpackalbania.com\/index.php\/shop\/"},{"@type":"ListItem","position":3,"name":"Antikalkare Sydex DAILYSYD"}]},{"@type":"WebSite","@id":"https:\/\/italpackalbania.com\/#website","url":"https:\/\/italpackalbania.com\/","name":"Italpack Albania","description":"Aksesor\u00eb p\u00ebr hoteleri, detergjent\u00eb p\u00ebr sht\u00ebpi, hoteleri, restorante, paketime p\u00ebr delivery, ambalazhime p\u00ebr biznese","publisher":{"@id":"https:\/\/italpackalbania.com\/#organization"},"potentialAction":[{"@type":"SearchAction","target":{"@type":"EntryPoint","urlTemplate":"https:\/\/italpackalbania.com\/?s={search_term_string}"},"query-input":{"@type":"PropertyValueSpecification","valueRequired":true,"valueName":"search_term_string"}}],"inLanguage":"en-US"},{"@type":"Organization","@id":"https:\/\/italpackalbania.com\/#organization","name":"ItalPack Albania","url":"https:\/\/italpackalbania.com\/","logo":{"@type":"ImageObject","inLanguage":"en-US","@id":"https:\/\/italpackalbania.com\/#\/schema\/logo\/image\/","url":"https:\/\/italpackalbania.com\/wp-content\/uploads\/2025\/12\/cropped-italpack-logo.png","contentUrl":"https:\/\/italpackalbania.com\/wp-content\/uploads\/2025\/12\/cropped-italpack-logo.png","width":512,"height":512,"caption":"ItalPack Albania"},"image":{"@id":"https:\/\/italpackalbania.com\/#\/schema\/logo\/image\/"},"sameAs":["https:\/\/www.facebook.com\/italpack.albania.37\/","https:\/\/www.instagram.com\/italpackalbania\/"]}]}},"_links":{"self":[{"href":"https:\/\/italpackalbania.com\/index.php\/wp-json\/wp\/v2\/product\/1478","targetHints":{"allow":["GET"]}}],"collection":[{"href":"https:\/\/italpackalbania.com\/index.php\/wp-json\/wp\/v2\/product"}],"about":[{"href":"https:\/\/italpackalbania.com\/index.php\/wp-json\/wp\/v2\/types\/product"}],"wp:featuredmedia":[{"embeddable":true,"href":"https:\/\/italpackalbania.com\/index.php\/wp-json\/wp\/v2\/media\/1347"}],"wp:attachment":[{"href":"https:\/\/italpackalbania.com\/index.php\/wp-json\/wp\/v2\/media?parent=1478"}],"wp:term":[{"taxonomy":"product_brand","embeddable":true,"href":"https:\/\/italpackalbania.com\/index.php\/wp-json\/wp\/v2\/product_brand?post=1478"},{"taxonomy":"product_cat","embeddable":true,"href":"https:\/\/italpackalbania.com\/index.php\/wp-json\/wp\/v2\/product_cat?post=1478"},{"taxonomy":"product_tag","embeddable":true,"href":"https:\/\/italpackalbania.com\/index.php\/wp-json\/wp\/v2\/product_tag?post=1478"}],"curies":[{"name":"wp","href":"https:\/\/api.w.org\/{rel}","templated":true}]}}