{"id":1528,"date":"2026-02-23T09:40:00","date_gmt":"2026-02-23T09:40:00","guid":{"rendered":"https:\/\/italpackalbania.com\/?post_type=product&#038;p=1528"},"modified":"2026-03-17T15:02:42","modified_gmt":"2026-03-17T15:02:42","slug":"allegrini-dg7-ds-organte","status":"publish","type":"product","link":"https:\/\/italpackalbania.com\/index.php\/product\/allegrini-dg7-ds-organte\/","title":{"rendered":"Allegrini DG7 DIS ORGANTE"},"content":{"rendered":"<p data-start=\"62\" data-end=\"357\">Zhbllokues profesional p\u00ebr lavaman\u00eb dhe shkarkime, i formuluar p\u00ebr t\u00eb shp\u00ebrb\u00ebr\u00eb n\u00eb m\u00ebnyr\u00eb efektive mbetjet <strong data-start=\"169\" data-end=\"181\">organike<\/strong> si yndyr\u00eb, sapun, flok\u00eb dhe papast\u00ebrti t\u00eb tjera q\u00eb shkaktojn\u00eb bllokime. Vepron shpejt dhe rikthen rrjedh\u00ebn normale t\u00eb ujit pa d\u00ebmtuar tubacionet kur p\u00ebrdoret sipas udh\u00ebzimeve.<\/p>\n<p data-start=\"359\" data-end=\"382\"><strong data-start=\"359\" data-end=\"382\">I p\u00ebrshtatsh\u00ebm p\u00ebr:<\/strong><\/p>\n<ul data-start=\"383\" data-end=\"502\">\n<li data-start=\"383\" data-end=\"403\">\n<p data-start=\"385\" data-end=\"403\">Lavaman\u00eb kuzhine<\/p>\n<\/li>\n<li data-start=\"404\" data-end=\"424\">\n<p data-start=\"406\" data-end=\"424\">Lavaman\u00eb banjoje<\/p>\n<\/li>\n<li data-start=\"425\" data-end=\"442\">\n<p data-start=\"427\" data-end=\"442\">Shkarkime uji<\/p>\n<\/li>\n<li data-start=\"443\" data-end=\"462\">\n<p data-start=\"445\" data-end=\"462\">Tuba dhe sifon\u00eb<\/p>\n<\/li>\n<li data-start=\"463\" data-end=\"502\">\n<p data-start=\"465\" data-end=\"502\">Ambiente sht\u00ebpiake dhe profesionale<\/p>\n<\/li>\n<\/ul>\n<p data-start=\"504\" data-end=\"647\">Formula e fuqishme organike siguron veprim t\u00eb thell\u00eb kund\u00ebr bllokimeve m\u00eb t\u00eb zakonshme, duke parandaluar edhe formimin e er\u00ebrave t\u00eb pak\u00ebndshme.<\/p>\n<p data-start=\"649\" data-end=\"673\"><strong data-start=\"649\" data-end=\"673\">P\u00ebrfitimet kryesore:<\/strong><\/p>\n<ul data-start=\"674\" data-end=\"915\">\n<li data-start=\"674\" data-end=\"716\">\n<p data-start=\"676\" data-end=\"716\">Zhbllokon n\u00eb m\u00ebnyr\u00eb efektive lavaman\u00ebt<\/p>\n<\/li>\n<li data-start=\"717\" data-end=\"766\">\n<p data-start=\"719\" data-end=\"766\">Shp\u00ebrb\u00ebn yndyr\u00ebn, flok\u00ebt dhe mbetjet organike<\/p>\n<\/li>\n<li data-start=\"767\" data-end=\"803\">\n<p data-start=\"769\" data-end=\"803\">Rikthen rrjedh\u00ebn normale t\u00eb ujit<\/p>\n<\/li>\n<li data-start=\"804\" data-end=\"853\">\n<p data-start=\"806\" data-end=\"853\">Ndihmon n\u00eb eliminimin e aromave t\u00eb pak\u00ebndshme<\/p>\n<\/li>\n<li data-start=\"854\" data-end=\"915\">\n<p data-start=\"856\" data-end=\"915\">I p\u00ebrshtatsh\u00ebm p\u00ebr p\u00ebrdorim profesional dhe t\u00eb p\u00ebrditsh\u00ebm<\/p>\n<\/li>\n<\/ul>\n","protected":false},"excerpt":{"rendered":"<p>Zhbllokues profesional p\u00ebr lavaman\u00eb dhe shkarkime, i formuluar p\u00ebr t\u00eb shp\u00ebrb\u00ebr\u00eb n\u00eb m\u00ebnyr\u00eb efektive mbetjet organike si yndyr\u00eb, sapun, flok\u00eb dhe papast\u00ebrti t\u00eb tjera q\u00eb shkaktojn\u00eb bllokime. Vepron shpejt dhe rikthen rrjedh\u00ebn normale t\u00eb ujit pa d\u00ebmtuar tubacionet kur p\u00ebrdoret sipas udh\u00ebzimeve. I p\u00ebrshtatsh\u00ebm p\u00ebr: Lavaman\u00eb kuzhine Lavaman\u00eb banjoje Shkarkime uji Tuba dhe sifon\u00eb Ambiente&hellip;<\/p>\n","protected":false},"featured_media":1408,"template":"","meta":[],"product_brand":[],"product_cat":[15],"product_tag":[88],"class_list":{"0":"post-1528","1":"product","2":"type-product","3":"status-publish","4":"has-post-thumbnail","6":"product_cat-uncategorized","7":"product_tag-zhbllokues-lavamani","8":"description-off","10":"first","11":"instock","12":"shipping-taxable","13":"purchasable","14":"product-type-simple"},"yoast_head":"<!-- This site is optimized with the Yoast SEO plugin v26.7 - https:\/\/yoast.com\/wordpress\/plugins\/seo\/ -->\n<title>Allegrini DG7 DIS ORGANTE - Italpack Albania<\/title>\n<meta name=\"description\" content=\"Zbuloni gam\u00ebn ton\u00eb t\u00eb plot\u00eb t\u00eb produkteve p\u00ebr hotele dhe biznese: amenities premium, detergjente profesionale dhe paketime\" \/>\n<meta name=\"robots\" content=\"index, follow, max-snippet:-1, max-image-preview:large, max-video-preview:-1\" \/>\n<link rel=\"canonical\" href=\"https:\/\/italpackalbania.com\/index.php\/product\/allegrini-dg7-ds-organte\/\" \/>\n<meta property=\"og:locale\" content=\"en_US\" \/>\n<meta property=\"og:type\" content=\"article\" \/>\n<meta property=\"og:title\" content=\"Allegrini DG7 DIS ORGANTE - Italpack Albania\" \/>\n<meta property=\"og:description\" content=\"Zbuloni gam\u00ebn ton\u00eb t\u00eb plot\u00eb t\u00eb produkteve p\u00ebr hotele dhe biznese: amenities premium, detergjente profesionale dhe paketime\" \/>\n<meta property=\"og:url\" content=\"https:\/\/italpackalbania.com\/index.php\/product\/allegrini-dg7-ds-organte\/\" \/>\n<meta property=\"og:site_name\" content=\"Italpack Albania\" \/>\n<meta property=\"article:publisher\" content=\"https:\/\/www.facebook.com\/italpack.albania.37\/\" \/>\n<meta property=\"article:modified_time\" content=\"2026-03-17T15:02:42+00:00\" \/>\n<meta property=\"og:image\" content=\"https:\/\/italpackalbania.com\/wp-content\/uploads\/2026\/02\/detergjente-allegrini3.png\" \/>\n\t<meta property=\"og:image:width\" content=\"600\" \/>\n\t<meta property=\"og:image:height\" content=\"600\" \/>\n\t<meta property=\"og:image:type\" content=\"image\/png\" \/>\n<meta name=\"twitter:card\" content=\"summary_large_image\" \/>\n<meta name=\"twitter:label1\" content=\"Est. reading time\" \/>\n\t<meta name=\"twitter:data1\" content=\"1 minute\" \/>\n<script type=\"application\/ld+json\" class=\"yoast-schema-graph\">{\"@context\":\"https:\/\/schema.org\",\"@graph\":[{\"@type\":\"WebPage\",\"@id\":\"https:\/\/italpackalbania.com\/index.php\/product\/allegrini-dg7-ds-organte\/\",\"url\":\"https:\/\/italpackalbania.com\/index.php\/product\/allegrini-dg7-ds-organte\/\",\"name\":\"Allegrini DG7 DIS ORGANTE - Italpack Albania\",\"isPartOf\":{\"@id\":\"https:\/\/italpackalbania.com\/#website\"},\"primaryImageOfPage\":{\"@id\":\"https:\/\/italpackalbania.com\/index.php\/product\/allegrini-dg7-ds-organte\/#primaryimage\"},\"image\":{\"@id\":\"https:\/\/italpackalbania.com\/index.php\/product\/allegrini-dg7-ds-organte\/#primaryimage\"},\"thumbnailUrl\":\"https:\/\/italpackalbania.com\/wp-content\/uploads\/2026\/02\/detergjente-allegrini3.png\",\"datePublished\":\"2026-02-23T09:40:00+00:00\",\"dateModified\":\"2026-03-17T15:02:42+00:00\",\"description\":\"Zbuloni gam\u00ebn ton\u00eb t\u00eb plot\u00eb t\u00eb produkteve p\u00ebr hotele dhe biznese: amenities premium, detergjente profesionale dhe paketime\",\"breadcrumb\":{\"@id\":\"https:\/\/italpackalbania.com\/index.php\/product\/allegrini-dg7-ds-organte\/#breadcrumb\"},\"inLanguage\":\"en-US\",\"potentialAction\":[{\"@type\":\"ReadAction\",\"target\":[\"https:\/\/italpackalbania.com\/index.php\/product\/allegrini-dg7-ds-organte\/\"]}]},{\"@type\":\"ImageObject\",\"inLanguage\":\"en-US\",\"@id\":\"https:\/\/italpackalbania.com\/index.php\/product\/allegrini-dg7-ds-organte\/#primaryimage\",\"url\":\"https:\/\/italpackalbania.com\/wp-content\/uploads\/2026\/02\/detergjente-allegrini3.png\",\"contentUrl\":\"https:\/\/italpackalbania.com\/wp-content\/uploads\/2026\/02\/detergjente-allegrini3.png\",\"width\":600,\"height\":600},{\"@type\":\"BreadcrumbList\",\"@id\":\"https:\/\/italpackalbania.com\/index.php\/product\/allegrini-dg7-ds-organte\/#breadcrumb\",\"itemListElement\":[{\"@type\":\"ListItem\",\"position\":1,\"name\":\"Home\",\"item\":\"https:\/\/italpackalbania.com\/\"},{\"@type\":\"ListItem\",\"position\":2,\"name\":\"Products\",\"item\":\"https:\/\/italpackalbania.com\/index.php\/shop\/\"},{\"@type\":\"ListItem\",\"position\":3,\"name\":\"Allegrini DG7 DIS ORGANTE\"}]},{\"@type\":\"WebSite\",\"@id\":\"https:\/\/italpackalbania.com\/#website\",\"url\":\"https:\/\/italpackalbania.com\/\",\"name\":\"Italpack Albania\",\"description\":\"Aksesor\u00eb p\u00ebr hoteleri, detergjent\u00eb p\u00ebr sht\u00ebpi, hoteleri, restorante, paketime p\u00ebr delivery, ambalazhime p\u00ebr biznese\",\"publisher\":{\"@id\":\"https:\/\/italpackalbania.com\/#organization\"},\"potentialAction\":[{\"@type\":\"SearchAction\",\"target\":{\"@type\":\"EntryPoint\",\"urlTemplate\":\"https:\/\/italpackalbania.com\/?s={search_term_string}\"},\"query-input\":{\"@type\":\"PropertyValueSpecification\",\"valueRequired\":true,\"valueName\":\"search_term_string\"}}],\"inLanguage\":\"en-US\"},{\"@type\":\"Organization\",\"@id\":\"https:\/\/italpackalbania.com\/#organization\",\"name\":\"ItalPack Albania\",\"url\":\"https:\/\/italpackalbania.com\/\",\"logo\":{\"@type\":\"ImageObject\",\"inLanguage\":\"en-US\",\"@id\":\"https:\/\/italpackalbania.com\/#\/schema\/logo\/image\/\",\"url\":\"https:\/\/italpackalbania.com\/wp-content\/uploads\/2025\/12\/cropped-italpack-logo.png\",\"contentUrl\":\"https:\/\/italpackalbania.com\/wp-content\/uploads\/2025\/12\/cropped-italpack-logo.png\",\"width\":512,\"height\":512,\"caption\":\"ItalPack Albania\"},\"image\":{\"@id\":\"https:\/\/italpackalbania.com\/#\/schema\/logo\/image\/\"},\"sameAs\":[\"https:\/\/www.facebook.com\/italpack.albania.37\/\",\"https:\/\/www.instagram.com\/italpackalbania\/\"]}]}<\/script>\n<!-- \/ Yoast SEO plugin. -->","yoast_head_json":{"title":"Allegrini DG7 DIS ORGANTE - Italpack Albania","description":"Zbuloni gam\u00ebn ton\u00eb t\u00eb plot\u00eb t\u00eb produkteve p\u00ebr hotele dhe biznese: amenities premium, detergjente profesionale dhe paketime","robots":{"index":"index","follow":"follow","max-snippet":"max-snippet:-1","max-image-preview":"max-image-preview:large","max-video-preview":"max-video-preview:-1"},"canonical":"https:\/\/italpackalbania.com\/index.php\/product\/allegrini-dg7-ds-organte\/","og_locale":"en_US","og_type":"article","og_title":"Allegrini DG7 DIS ORGANTE - Italpack Albania","og_description":"Zbuloni gam\u00ebn ton\u00eb t\u00eb plot\u00eb t\u00eb produkteve p\u00ebr hotele dhe biznese: amenities premium, detergjente profesionale dhe paketime","og_url":"https:\/\/italpackalbania.com\/index.php\/product\/allegrini-dg7-ds-organte\/","og_site_name":"Italpack Albania","article_publisher":"https:\/\/www.facebook.com\/italpack.albania.37\/","article_modified_time":"2026-03-17T15:02:42+00:00","og_image":[{"width":600,"height":600,"url":"https:\/\/italpackalbania.com\/wp-content\/uploads\/2026\/02\/detergjente-allegrini3.png","type":"image\/png"}],"twitter_card":"summary_large_image","twitter_misc":{"Est. reading time":"1 minute"},"schema":{"@context":"https:\/\/schema.org","@graph":[{"@type":"WebPage","@id":"https:\/\/italpackalbania.com\/index.php\/product\/allegrini-dg7-ds-organte\/","url":"https:\/\/italpackalbania.com\/index.php\/product\/allegrini-dg7-ds-organte\/","name":"Allegrini DG7 DIS ORGANTE - Italpack Albania","isPartOf":{"@id":"https:\/\/italpackalbania.com\/#website"},"primaryImageOfPage":{"@id":"https:\/\/italpackalbania.com\/index.php\/product\/allegrini-dg7-ds-organte\/#primaryimage"},"image":{"@id":"https:\/\/italpackalbania.com\/index.php\/product\/allegrini-dg7-ds-organte\/#primaryimage"},"thumbnailUrl":"https:\/\/italpackalbania.com\/wp-content\/uploads\/2026\/02\/detergjente-allegrini3.png","datePublished":"2026-02-23T09:40:00+00:00","dateModified":"2026-03-17T15:02:42+00:00","description":"Zbuloni gam\u00ebn ton\u00eb t\u00eb plot\u00eb t\u00eb produkteve p\u00ebr hotele dhe biznese: amenities premium, detergjente profesionale dhe paketime","breadcrumb":{"@id":"https:\/\/italpackalbania.com\/index.php\/product\/allegrini-dg7-ds-organte\/#breadcrumb"},"inLanguage":"en-US","potentialAction":[{"@type":"ReadAction","target":["https:\/\/italpackalbania.com\/index.php\/product\/allegrini-dg7-ds-organte\/"]}]},{"@type":"ImageObject","inLanguage":"en-US","@id":"https:\/\/italpackalbania.com\/index.php\/product\/allegrini-dg7-ds-organte\/#primaryimage","url":"https:\/\/italpackalbania.com\/wp-content\/uploads\/2026\/02\/detergjente-allegrini3.png","contentUrl":"https:\/\/italpackalbania.com\/wp-content\/uploads\/2026\/02\/detergjente-allegrini3.png","width":600,"height":600},{"@type":"BreadcrumbList","@id":"https:\/\/italpackalbania.com\/index.php\/product\/allegrini-dg7-ds-organte\/#breadcrumb","itemListElement":[{"@type":"ListItem","position":1,"name":"Home","item":"https:\/\/italpackalbania.com\/"},{"@type":"ListItem","position":2,"name":"Products","item":"https:\/\/italpackalbania.com\/index.php\/shop\/"},{"@type":"ListItem","position":3,"name":"Allegrini DG7 DIS ORGANTE"}]},{"@type":"WebSite","@id":"https:\/\/italpackalbania.com\/#website","url":"https:\/\/italpackalbania.com\/","name":"Italpack Albania","description":"Aksesor\u00eb p\u00ebr hoteleri, detergjent\u00eb p\u00ebr sht\u00ebpi, hoteleri, restorante, paketime p\u00ebr delivery, ambalazhime p\u00ebr biznese","publisher":{"@id":"https:\/\/italpackalbania.com\/#organization"},"potentialAction":[{"@type":"SearchAction","target":{"@type":"EntryPoint","urlTemplate":"https:\/\/italpackalbania.com\/?s={search_term_string}"},"query-input":{"@type":"PropertyValueSpecification","valueRequired":true,"valueName":"search_term_string"}}],"inLanguage":"en-US"},{"@type":"Organization","@id":"https:\/\/italpackalbania.com\/#organization","name":"ItalPack Albania","url":"https:\/\/italpackalbania.com\/","logo":{"@type":"ImageObject","inLanguage":"en-US","@id":"https:\/\/italpackalbania.com\/#\/schema\/logo\/image\/","url":"https:\/\/italpackalbania.com\/wp-content\/uploads\/2025\/12\/cropped-italpack-logo.png","contentUrl":"https:\/\/italpackalbania.com\/wp-content\/uploads\/2025\/12\/cropped-italpack-logo.png","width":512,"height":512,"caption":"ItalPack Albania"},"image":{"@id":"https:\/\/italpackalbania.com\/#\/schema\/logo\/image\/"},"sameAs":["https:\/\/www.facebook.com\/italpack.albania.37\/","https:\/\/www.instagram.com\/italpackalbania\/"]}]}},"_links":{"self":[{"href":"https:\/\/italpackalbania.com\/index.php\/wp-json\/wp\/v2\/product\/1528","targetHints":{"allow":["GET"]}}],"collection":[{"href":"https:\/\/italpackalbania.com\/index.php\/wp-json\/wp\/v2\/product"}],"about":[{"href":"https:\/\/italpackalbania.com\/index.php\/wp-json\/wp\/v2\/types\/product"}],"wp:featuredmedia":[{"embeddable":true,"href":"https:\/\/italpackalbania.com\/index.php\/wp-json\/wp\/v2\/media\/1408"}],"wp:attachment":[{"href":"https:\/\/italpackalbania.com\/index.php\/wp-json\/wp\/v2\/media?parent=1528"}],"wp:term":[{"taxonomy":"product_brand","embeddable":true,"href":"https:\/\/italpackalbania.com\/index.php\/wp-json\/wp\/v2\/product_brand?post=1528"},{"taxonomy":"product_cat","embeddable":true,"href":"https:\/\/italpackalbania.com\/index.php\/wp-json\/wp\/v2\/product_cat?post=1528"},{"taxonomy":"product_tag","embeddable":true,"href":"https:\/\/italpackalbania.com\/index.php\/wp-json\/wp\/v2\/product_tag?post=1528"}],"curies":[{"name":"wp","href":"https:\/\/api.w.org\/{rel}","templated":true}]}}