{"id":1531,"date":"2026-02-23T10:39:59","date_gmt":"2026-02-23T10:39:59","guid":{"rendered":"https:\/\/italpackalbania.com\/?post_type=product&#038;p=1531"},"modified":"2026-02-23T11:11:14","modified_gmt":"2026-02-23T11:11:14","slug":"allegrini-sandikplus","status":"publish","type":"product","link":"https:\/\/italpackalbania.com\/index.php\/product\/allegrini-sandikplus\/","title":{"rendered":"Allegrini SandikPlus"},"content":{"rendered":"<p data-start=\"47\" data-end=\"303\">5 L<\/p>\n<p data-start=\"47\" data-end=\"303\">Dezinfektues profesional p\u00ebr pastrimin dhe higjienizimin e sip\u00ebrfaqeve, i formuluar p\u00ebr t\u00eb eliminuar mikroorganizmat dhe p\u00ebr t\u00eb garantuar past\u00ebrti t\u00eb sigurt n\u00eb ambiente sht\u00ebpiake dhe profesionale. Vepron shpejt dhe siguron higjien\u00eb efektive pa l\u00ebn\u00eb mbetje.<\/p>\n<p data-start=\"305\" data-end=\"328\"><strong data-start=\"305\" data-end=\"328\">I p\u00ebrshtatsh\u00ebm p\u00ebr:<\/strong><\/p>\n<ul data-start=\"329\" data-end=\"458\">\n<li data-start=\"329\" data-end=\"351\">\n<p data-start=\"331\" data-end=\"351\">Sip\u00ebrfaqe sanitare<\/p>\n<\/li>\n<li data-start=\"352\" data-end=\"373\">\n<p data-start=\"354\" data-end=\"373\">Banjo dhe tualete<\/p>\n<\/li>\n<li data-start=\"374\" data-end=\"385\">\n<p data-start=\"376\" data-end=\"385\">Kuzhina<\/p>\n<\/li>\n<li data-start=\"386\" data-end=\"420\">\n<p data-start=\"388\" data-end=\"420\">Dysheme dhe sip\u00ebrfaqe t\u00eb forta<\/p>\n<\/li>\n<li data-start=\"421\" data-end=\"458\">\n<p data-start=\"423\" data-end=\"458\">Ambiente profesionale dhe publike<\/p>\n<\/li>\n<\/ul>\n<p data-start=\"460\" data-end=\"556\">Formula e tij e balancuar siguron dezinfektim t\u00eb besuesh\u00ebm dhe p\u00ebrdorim praktik n\u00eb p\u00ebrditshm\u00ebri.<\/p>\n<p data-start=\"558\" data-end=\"582\"><strong data-start=\"558\" data-end=\"582\">P\u00ebrfitimet kryesore:<\/strong><\/p>\n<ul data-start=\"583\" data-end=\"783\">\n<li data-start=\"583\" data-end=\"620\">\n<p data-start=\"585\" data-end=\"620\">Dezinfektim efektiv i sip\u00ebrfaqeve<\/p>\n<\/li>\n<li data-start=\"621\" data-end=\"672\">\n<p data-start=\"623\" data-end=\"672\">Ndihmon n\u00eb eliminimin e baktereve dhe mikrobeve<\/p>\n<\/li>\n<li data-start=\"673\" data-end=\"693\">\n<p data-start=\"675\" data-end=\"693\">Veprim i shpejt\u00eb<\/p>\n<\/li>\n<li data-start=\"694\" data-end=\"726\">\n<p data-start=\"696\" data-end=\"726\">Nuk l\u00eb mbetje pas p\u00ebrdorimit<\/p>\n<\/li>\n<li data-start=\"727\" data-end=\"783\">\n<p data-start=\"729\" data-end=\"783\">I p\u00ebrshtatsh\u00ebm p\u00ebr p\u00ebrdorim profesional dhe sht\u00ebpiak<\/p>\n<\/li>\n<\/ul>\n<p data-start=\"785\" data-end=\"976\"><strong data-start=\"785\" data-end=\"804\">Si t\u00eb p\u00ebrdoret:<\/strong><br \/>\nAplikojeni <strong data-start=\"816\" data-end=\"830\">SANDIKPLUS<\/strong> direkt mbi sip\u00ebrfaqe ose me nj\u00eb leck\u00eb.<br data-start=\"869\" data-end=\"872\" \/>L\u00ebreni t\u00eb veproj\u00eb p\u00ebr disa minuta.<br data-start=\"906\" data-end=\"909\" \/>N\u00ebse \u00ebsht\u00eb e nevojshme, shp\u00eblajeni ose fshijeni me leck\u00eb t\u00eb past\u00ebr.<\/p>\n","protected":false},"excerpt":{"rendered":"<p>5 L Dezinfektues profesional p\u00ebr pastrimin dhe higjienizimin e sip\u00ebrfaqeve, i formuluar p\u00ebr t\u00eb eliminuar mikroorganizmat dhe p\u00ebr t\u00eb garantuar past\u00ebrti t\u00eb sigurt n\u00eb ambiente sht\u00ebpiake dhe profesionale. Vepron shpejt dhe siguron higjien\u00eb efektive pa l\u00ebn\u00eb mbetje. I p\u00ebrshtatsh\u00ebm p\u00ebr: Sip\u00ebrfaqe sanitare Banjo dhe tualete Kuzhina Dysheme dhe sip\u00ebrfaqe t\u00eb forta Ambiente profesionale dhe publike&hellip;<\/p>\n","protected":false},"featured_media":1396,"template":"","meta":[],"product_brand":[],"product_cat":[15],"product_tag":[89],"class_list":{"0":"post-1531","1":"product","2":"type-product","3":"status-publish","4":"has-post-thumbnail","6":"product_cat-uncategorized","7":"product_tag-dezinfektues-alkoolik","8":"description-off","10":"first","11":"instock","12":"shipping-taxable","13":"purchasable","14":"product-type-simple"},"yoast_head":"<!-- This site is optimized with the Yoast SEO plugin v26.7 - https:\/\/yoast.com\/wordpress\/plugins\/seo\/ -->\n<title>Allegrini SandikPlus - Italpack Albania<\/title>\n<meta name=\"description\" content=\"Zbuloni gam\u00ebn ton\u00eb t\u00eb plot\u00eb t\u00eb produkteve p\u00ebr hotele dhe biznese: amenities premium, detergjente profesionale dhe paketime\" \/>\n<meta name=\"robots\" content=\"index, follow, max-snippet:-1, max-image-preview:large, max-video-preview:-1\" \/>\n<link rel=\"canonical\" href=\"https:\/\/italpackalbania.com\/index.php\/product\/allegrini-sandikplus\/\" \/>\n<meta property=\"og:locale\" content=\"en_US\" \/>\n<meta property=\"og:type\" content=\"article\" \/>\n<meta property=\"og:title\" content=\"Allegrini SandikPlus - Italpack Albania\" \/>\n<meta property=\"og:description\" content=\"Zbuloni gam\u00ebn ton\u00eb t\u00eb plot\u00eb t\u00eb produkteve p\u00ebr hotele dhe biznese: amenities premium, detergjente profesionale dhe paketime\" \/>\n<meta property=\"og:url\" content=\"https:\/\/italpackalbania.com\/index.php\/product\/allegrini-sandikplus\/\" \/>\n<meta property=\"og:site_name\" content=\"Italpack Albania\" \/>\n<meta property=\"article:publisher\" content=\"https:\/\/www.facebook.com\/italpack.albania.37\/\" \/>\n<meta property=\"article:modified_time\" content=\"2026-02-23T11:11:14+00:00\" \/>\n<meta property=\"og:image\" content=\"https:\/\/italpackalbania.com\/wp-content\/uploads\/2026\/02\/detergjent-allegrini.png\" \/>\n\t<meta property=\"og:image:width\" content=\"600\" \/>\n\t<meta property=\"og:image:height\" content=\"600\" \/>\n\t<meta property=\"og:image:type\" content=\"image\/png\" \/>\n<meta name=\"twitter:card\" content=\"summary_large_image\" \/>\n<meta name=\"twitter:label1\" content=\"Est. reading time\" \/>\n\t<meta name=\"twitter:data1\" content=\"1 minute\" \/>\n<script type=\"application\/ld+json\" class=\"yoast-schema-graph\">{\"@context\":\"https:\/\/schema.org\",\"@graph\":[{\"@type\":\"WebPage\",\"@id\":\"https:\/\/italpackalbania.com\/index.php\/product\/allegrini-sandikplus\/\",\"url\":\"https:\/\/italpackalbania.com\/index.php\/product\/allegrini-sandikplus\/\",\"name\":\"Allegrini SandikPlus - Italpack Albania\",\"isPartOf\":{\"@id\":\"https:\/\/italpackalbania.com\/#website\"},\"primaryImageOfPage\":{\"@id\":\"https:\/\/italpackalbania.com\/index.php\/product\/allegrini-sandikplus\/#primaryimage\"},\"image\":{\"@id\":\"https:\/\/italpackalbania.com\/index.php\/product\/allegrini-sandikplus\/#primaryimage\"},\"thumbnailUrl\":\"https:\/\/italpackalbania.com\/wp-content\/uploads\/2026\/02\/detergjent-allegrini.png\",\"datePublished\":\"2026-02-23T10:39:59+00:00\",\"dateModified\":\"2026-02-23T11:11:14+00:00\",\"description\":\"Zbuloni gam\u00ebn ton\u00eb t\u00eb plot\u00eb t\u00eb produkteve p\u00ebr hotele dhe biznese: amenities premium, detergjente profesionale dhe paketime\",\"breadcrumb\":{\"@id\":\"https:\/\/italpackalbania.com\/index.php\/product\/allegrini-sandikplus\/#breadcrumb\"},\"inLanguage\":\"en-US\",\"potentialAction\":[{\"@type\":\"ReadAction\",\"target\":[\"https:\/\/italpackalbania.com\/index.php\/product\/allegrini-sandikplus\/\"]}]},{\"@type\":\"ImageObject\",\"inLanguage\":\"en-US\",\"@id\":\"https:\/\/italpackalbania.com\/index.php\/product\/allegrini-sandikplus\/#primaryimage\",\"url\":\"https:\/\/italpackalbania.com\/wp-content\/uploads\/2026\/02\/detergjent-allegrini.png\",\"contentUrl\":\"https:\/\/italpackalbania.com\/wp-content\/uploads\/2026\/02\/detergjent-allegrini.png\",\"width\":600,\"height\":600},{\"@type\":\"BreadcrumbList\",\"@id\":\"https:\/\/italpackalbania.com\/index.php\/product\/allegrini-sandikplus\/#breadcrumb\",\"itemListElement\":[{\"@type\":\"ListItem\",\"position\":1,\"name\":\"Home\",\"item\":\"https:\/\/italpackalbania.com\/\"},{\"@type\":\"ListItem\",\"position\":2,\"name\":\"Products\",\"item\":\"https:\/\/italpackalbania.com\/index.php\/shop\/\"},{\"@type\":\"ListItem\",\"position\":3,\"name\":\"Allegrini SandikPlus\"}]},{\"@type\":\"WebSite\",\"@id\":\"https:\/\/italpackalbania.com\/#website\",\"url\":\"https:\/\/italpackalbania.com\/\",\"name\":\"Italpack Albania\",\"description\":\"Aksesor\u00eb p\u00ebr hoteleri, detergjent\u00eb p\u00ebr sht\u00ebpi, hoteleri, restorante, paketime p\u00ebr delivery, ambalazhime p\u00ebr biznese\",\"publisher\":{\"@id\":\"https:\/\/italpackalbania.com\/#organization\"},\"potentialAction\":[{\"@type\":\"SearchAction\",\"target\":{\"@type\":\"EntryPoint\",\"urlTemplate\":\"https:\/\/italpackalbania.com\/?s={search_term_string}\"},\"query-input\":{\"@type\":\"PropertyValueSpecification\",\"valueRequired\":true,\"valueName\":\"search_term_string\"}}],\"inLanguage\":\"en-US\"},{\"@type\":\"Organization\",\"@id\":\"https:\/\/italpackalbania.com\/#organization\",\"name\":\"ItalPack Albania\",\"url\":\"https:\/\/italpackalbania.com\/\",\"logo\":{\"@type\":\"ImageObject\",\"inLanguage\":\"en-US\",\"@id\":\"https:\/\/italpackalbania.com\/#\/schema\/logo\/image\/\",\"url\":\"https:\/\/italpackalbania.com\/wp-content\/uploads\/2025\/12\/cropped-italpack-logo.png\",\"contentUrl\":\"https:\/\/italpackalbania.com\/wp-content\/uploads\/2025\/12\/cropped-italpack-logo.png\",\"width\":512,\"height\":512,\"caption\":\"ItalPack Albania\"},\"image\":{\"@id\":\"https:\/\/italpackalbania.com\/#\/schema\/logo\/image\/\"},\"sameAs\":[\"https:\/\/www.facebook.com\/italpack.albania.37\/\",\"https:\/\/www.instagram.com\/italpackalbania\/\"]}]}<\/script>\n<!-- \/ Yoast SEO plugin. -->","yoast_head_json":{"title":"Allegrini SandikPlus - Italpack Albania","description":"Zbuloni gam\u00ebn ton\u00eb t\u00eb plot\u00eb t\u00eb produkteve p\u00ebr hotele dhe biznese: amenities premium, detergjente profesionale dhe paketime","robots":{"index":"index","follow":"follow","max-snippet":"max-snippet:-1","max-image-preview":"max-image-preview:large","max-video-preview":"max-video-preview:-1"},"canonical":"https:\/\/italpackalbania.com\/index.php\/product\/allegrini-sandikplus\/","og_locale":"en_US","og_type":"article","og_title":"Allegrini SandikPlus - Italpack Albania","og_description":"Zbuloni gam\u00ebn ton\u00eb t\u00eb plot\u00eb t\u00eb produkteve p\u00ebr hotele dhe biznese: amenities premium, detergjente profesionale dhe paketime","og_url":"https:\/\/italpackalbania.com\/index.php\/product\/allegrini-sandikplus\/","og_site_name":"Italpack Albania","article_publisher":"https:\/\/www.facebook.com\/italpack.albania.37\/","article_modified_time":"2026-02-23T11:11:14+00:00","og_image":[{"width":600,"height":600,"url":"https:\/\/italpackalbania.com\/wp-content\/uploads\/2026\/02\/detergjent-allegrini.png","type":"image\/png"}],"twitter_card":"summary_large_image","twitter_misc":{"Est. reading time":"1 minute"},"schema":{"@context":"https:\/\/schema.org","@graph":[{"@type":"WebPage","@id":"https:\/\/italpackalbania.com\/index.php\/product\/allegrini-sandikplus\/","url":"https:\/\/italpackalbania.com\/index.php\/product\/allegrini-sandikplus\/","name":"Allegrini SandikPlus - Italpack Albania","isPartOf":{"@id":"https:\/\/italpackalbania.com\/#website"},"primaryImageOfPage":{"@id":"https:\/\/italpackalbania.com\/index.php\/product\/allegrini-sandikplus\/#primaryimage"},"image":{"@id":"https:\/\/italpackalbania.com\/index.php\/product\/allegrini-sandikplus\/#primaryimage"},"thumbnailUrl":"https:\/\/italpackalbania.com\/wp-content\/uploads\/2026\/02\/detergjent-allegrini.png","datePublished":"2026-02-23T10:39:59+00:00","dateModified":"2026-02-23T11:11:14+00:00","description":"Zbuloni gam\u00ebn ton\u00eb t\u00eb plot\u00eb t\u00eb produkteve p\u00ebr hotele dhe biznese: amenities premium, detergjente profesionale dhe paketime","breadcrumb":{"@id":"https:\/\/italpackalbania.com\/index.php\/product\/allegrini-sandikplus\/#breadcrumb"},"inLanguage":"en-US","potentialAction":[{"@type":"ReadAction","target":["https:\/\/italpackalbania.com\/index.php\/product\/allegrini-sandikplus\/"]}]},{"@type":"ImageObject","inLanguage":"en-US","@id":"https:\/\/italpackalbania.com\/index.php\/product\/allegrini-sandikplus\/#primaryimage","url":"https:\/\/italpackalbania.com\/wp-content\/uploads\/2026\/02\/detergjent-allegrini.png","contentUrl":"https:\/\/italpackalbania.com\/wp-content\/uploads\/2026\/02\/detergjent-allegrini.png","width":600,"height":600},{"@type":"BreadcrumbList","@id":"https:\/\/italpackalbania.com\/index.php\/product\/allegrini-sandikplus\/#breadcrumb","itemListElement":[{"@type":"ListItem","position":1,"name":"Home","item":"https:\/\/italpackalbania.com\/"},{"@type":"ListItem","position":2,"name":"Products","item":"https:\/\/italpackalbania.com\/index.php\/shop\/"},{"@type":"ListItem","position":3,"name":"Allegrini SandikPlus"}]},{"@type":"WebSite","@id":"https:\/\/italpackalbania.com\/#website","url":"https:\/\/italpackalbania.com\/","name":"Italpack Albania","description":"Aksesor\u00eb p\u00ebr hoteleri, detergjent\u00eb p\u00ebr sht\u00ebpi, hoteleri, restorante, paketime p\u00ebr delivery, ambalazhime p\u00ebr biznese","publisher":{"@id":"https:\/\/italpackalbania.com\/#organization"},"potentialAction":[{"@type":"SearchAction","target":{"@type":"EntryPoint","urlTemplate":"https:\/\/italpackalbania.com\/?s={search_term_string}"},"query-input":{"@type":"PropertyValueSpecification","valueRequired":true,"valueName":"search_term_string"}}],"inLanguage":"en-US"},{"@type":"Organization","@id":"https:\/\/italpackalbania.com\/#organization","name":"ItalPack Albania","url":"https:\/\/italpackalbania.com\/","logo":{"@type":"ImageObject","inLanguage":"en-US","@id":"https:\/\/italpackalbania.com\/#\/schema\/logo\/image\/","url":"https:\/\/italpackalbania.com\/wp-content\/uploads\/2025\/12\/cropped-italpack-logo.png","contentUrl":"https:\/\/italpackalbania.com\/wp-content\/uploads\/2025\/12\/cropped-italpack-logo.png","width":512,"height":512,"caption":"ItalPack Albania"},"image":{"@id":"https:\/\/italpackalbania.com\/#\/schema\/logo\/image\/"},"sameAs":["https:\/\/www.facebook.com\/italpack.albania.37\/","https:\/\/www.instagram.com\/italpackalbania\/"]}]}},"_links":{"self":[{"href":"https:\/\/italpackalbania.com\/index.php\/wp-json\/wp\/v2\/product\/1531","targetHints":{"allow":["GET"]}}],"collection":[{"href":"https:\/\/italpackalbania.com\/index.php\/wp-json\/wp\/v2\/product"}],"about":[{"href":"https:\/\/italpackalbania.com\/index.php\/wp-json\/wp\/v2\/types\/product"}],"wp:featuredmedia":[{"embeddable":true,"href":"https:\/\/italpackalbania.com\/index.php\/wp-json\/wp\/v2\/media\/1396"}],"wp:attachment":[{"href":"https:\/\/italpackalbania.com\/index.php\/wp-json\/wp\/v2\/media?parent=1531"}],"wp:term":[{"taxonomy":"product_brand","embeddable":true,"href":"https:\/\/italpackalbania.com\/index.php\/wp-json\/wp\/v2\/product_brand?post=1531"},{"taxonomy":"product_cat","embeddable":true,"href":"https:\/\/italpackalbania.com\/index.php\/wp-json\/wp\/v2\/product_cat?post=1531"},{"taxonomy":"product_tag","embeddable":true,"href":"https:\/\/italpackalbania.com\/index.php\/wp-json\/wp\/v2\/product_tag?post=1531"}],"curies":[{"name":"wp","href":"https:\/\/api.w.org\/{rel}","templated":true}]}}