{"id":1533,"date":"2026-02-23T11:52:58","date_gmt":"2026-02-23T11:52:58","guid":{"rendered":"https:\/\/italpackalbania.com\/?post_type=product&#038;p=1533"},"modified":"2026-02-23T12:09:57","modified_gmt":"2026-02-23T12:09:57","slug":"allegrini-oven-cleaner-automatic","status":"publish","type":"product","link":"https:\/\/italpackalbania.com\/index.php\/product\/allegrini-oven-cleaner-automatic\/","title":{"rendered":"Allegrini Oven Cleaner Automatic"},"content":{"rendered":"<p data-start=\"47\" data-end=\"303\">5 L<\/p>\n<p data-start=\"75\" data-end=\"354\">Pastrues profesional shum\u00eb i fuqish\u00ebm p\u00ebr furrat me sistem pastrimi automatik, i formuluar p\u00ebr t\u00eb hequr n\u00eb m\u00ebnyr\u00eb efektive yndyr\u00ebn e djegur, mbetjet e ushqimit dhe papast\u00ebrtit\u00eb e forta. Vepron shpejt dhe siguron pastrim t\u00eb thell\u00eb, duke rikthyer past\u00ebrtin\u00eb dhe higjien\u00ebn e furr\u00ebs.<\/p>\n<p data-start=\"356\" data-end=\"379\"><strong data-start=\"356\" data-end=\"379\">I p\u00ebrshtatsh\u00ebm p\u00ebr:<\/strong><\/p>\n<ul data-start=\"380\" data-end=\"527\">\n<li data-start=\"380\" data-end=\"423\">\n<p data-start=\"382\" data-end=\"423\">Furra profesionale me pastrim automatik<\/p>\n<\/li>\n<li data-start=\"424\" data-end=\"459\">\n<p data-start=\"426\" data-end=\"459\">Furra restorantesh dhe hotelesh<\/p>\n<\/li>\n<li data-start=\"460\" data-end=\"491\">\n<p data-start=\"462\" data-end=\"491\">Pajisje kuzhine industriale<\/p>\n<\/li>\n<li data-start=\"492\" data-end=\"527\">\n<p data-start=\"494\" data-end=\"527\">Ambiente profesionale ushqimore<\/p>\n<\/li>\n<\/ul>\n<p data-start=\"529\" data-end=\"628\">Formula e tij e p\u00ebrqendruar garanton rezultate t\u00eb larta pastrimi edhe n\u00eb kushte p\u00ebrdorimi intensiv.<\/p>\n<p data-start=\"630\" data-end=\"654\"><strong data-start=\"630\" data-end=\"654\">P\u00ebrfitimet kryesore:<\/strong><\/p>\n<ul data-start=\"655\" data-end=\"875\">\n<li data-start=\"655\" data-end=\"699\">\n<p data-start=\"657\" data-end=\"699\">Heq yndyr\u00ebn e djegur dhe mbetjet e forta<\/p>\n<\/li>\n<li data-start=\"700\" data-end=\"732\">\n<p data-start=\"702\" data-end=\"732\">Veprim i shpejt\u00eb dhe efektiv<\/p>\n<\/li>\n<li data-start=\"733\" data-end=\"783\">\n<p data-start=\"735\" data-end=\"783\">I p\u00ebrshtatsh\u00ebm p\u00ebr sisteme automatike pastrimi<\/p>\n<\/li>\n<li data-start=\"784\" data-end=\"829\">\n<p data-start=\"786\" data-end=\"829\">Rikthen higjien\u00ebn dhe past\u00ebrtin\u00eb e furr\u00ebs<\/p>\n<\/li>\n<li data-start=\"830\" data-end=\"875\">\n<p data-start=\"832\" data-end=\"875\">Produkt profesional p\u00ebr p\u00ebrdorim intensiv<\/p>\n<\/li>\n<\/ul>\n<p data-start=\"877\" data-end=\"1119\"><strong data-start=\"877\" data-end=\"896\">Si t\u00eb p\u00ebrdoret:<\/strong><br \/>\nP\u00ebrdoreni <strong data-start=\"907\" data-end=\"933\">OVEN CLEANER AUTOMATIC<\/strong> sipas udh\u00ebzimeve t\u00eb sistemit automatik t\u00eb furr\u00ebs.<br data-start=\"983\" data-end=\"986\" \/>Dozoni sasin\u00eb e rekomanduar dhe aktivizoni ciklin e pastrimit.<br data-start=\"1048\" data-end=\"1051\" \/>N\u00eb fund t\u00eb procesit, furr\u00ebn e gjeni t\u00eb past\u00ebr dhe gati p\u00ebr p\u00ebrdorim.<\/p>\n<p data-start=\"1121\" data-end=\"1223\"><strong data-start=\"1121\" data-end=\"1134\">K\u00ebshill\u00eb:<\/strong><br \/>\nP\u00ebrdorimi i rregullt ndihmon n\u00eb ruajtjen e performanc\u00ebs s\u00eb furr\u00ebs dhe zgjat jet\u00ebn e saj.<\/p>\n","protected":false},"excerpt":{"rendered":"<p>5 L Pastrues profesional shum\u00eb i fuqish\u00ebm p\u00ebr furrat me sistem pastrimi automatik, i formuluar p\u00ebr t\u00eb hequr n\u00eb m\u00ebnyr\u00eb efektive yndyr\u00ebn e djegur, mbetjet e ushqimit dhe papast\u00ebrtit\u00eb e forta. Vepron shpejt dhe siguron pastrim t\u00eb thell\u00eb, duke rikthyer past\u00ebrtin\u00eb dhe higjien\u00ebn e furr\u00ebs. I p\u00ebrshtatsh\u00ebm p\u00ebr: Furra profesionale me pastrim automatik Furra restorantesh&hellip;<\/p>\n","protected":false},"featured_media":1389,"template":"","meta":[],"product_brand":[],"product_cat":[15],"product_tag":[86],"class_list":{"0":"post-1533","1":"product","2":"type-product","3":"status-publish","4":"has-post-thumbnail","6":"product_cat-uncategorized","7":"product_tag-detergjente-per-furra","8":"description-off","10":"first","11":"instock","12":"shipping-taxable","13":"purchasable","14":"product-type-simple"},"yoast_head":"<!-- This site is optimized with the Yoast SEO plugin v26.7 - https:\/\/yoast.com\/wordpress\/plugins\/seo\/ -->\n<title>Allegrini Oven Cleaner Automatic - Italpack Albania<\/title>\n<meta name=\"description\" content=\"Zbuloni gam\u00ebn ton\u00eb t\u00eb plot\u00eb t\u00eb produkteve p\u00ebr hotele dhe biznese: amenities premium, detergjente profesionale dhe paketime\" \/>\n<meta name=\"robots\" content=\"index, follow, max-snippet:-1, max-image-preview:large, max-video-preview:-1\" \/>\n<link rel=\"canonical\" href=\"https:\/\/italpackalbania.com\/index.php\/product\/allegrini-oven-cleaner-automatic\/\" \/>\n<meta property=\"og:locale\" content=\"en_US\" \/>\n<meta property=\"og:type\" content=\"article\" \/>\n<meta property=\"og:title\" content=\"Allegrini Oven Cleaner Automatic - Italpack Albania\" \/>\n<meta property=\"og:description\" content=\"Zbuloni gam\u00ebn ton\u00eb t\u00eb plot\u00eb t\u00eb produkteve p\u00ebr hotele dhe biznese: amenities premium, detergjente profesionale dhe paketime\" \/>\n<meta property=\"og:url\" content=\"https:\/\/italpackalbania.com\/index.php\/product\/allegrini-oven-cleaner-automatic\/\" \/>\n<meta property=\"og:site_name\" content=\"Italpack Albania\" \/>\n<meta property=\"article:publisher\" content=\"https:\/\/www.facebook.com\/italpack.albania.37\/\" \/>\n<meta property=\"article:modified_time\" content=\"2026-02-23T12:09:57+00:00\" \/>\n<meta property=\"og:image\" content=\"https:\/\/italpackalbania.com\/wp-content\/uploads\/2026\/02\/detergjente-profesional.png\" \/>\n\t<meta property=\"og:image:width\" content=\"600\" \/>\n\t<meta property=\"og:image:height\" content=\"600\" \/>\n\t<meta property=\"og:image:type\" content=\"image\/png\" \/>\n<meta name=\"twitter:card\" content=\"summary_large_image\" \/>\n<meta name=\"twitter:label1\" content=\"Est. reading time\" \/>\n\t<meta name=\"twitter:data1\" content=\"1 minute\" \/>\n<script type=\"application\/ld+json\" class=\"yoast-schema-graph\">{\"@context\":\"https:\/\/schema.org\",\"@graph\":[{\"@type\":\"WebPage\",\"@id\":\"https:\/\/italpackalbania.com\/index.php\/product\/allegrini-oven-cleaner-automatic\/\",\"url\":\"https:\/\/italpackalbania.com\/index.php\/product\/allegrini-oven-cleaner-automatic\/\",\"name\":\"Allegrini Oven Cleaner Automatic - Italpack Albania\",\"isPartOf\":{\"@id\":\"https:\/\/italpackalbania.com\/#website\"},\"primaryImageOfPage\":{\"@id\":\"https:\/\/italpackalbania.com\/index.php\/product\/allegrini-oven-cleaner-automatic\/#primaryimage\"},\"image\":{\"@id\":\"https:\/\/italpackalbania.com\/index.php\/product\/allegrini-oven-cleaner-automatic\/#primaryimage\"},\"thumbnailUrl\":\"https:\/\/italpackalbania.com\/wp-content\/uploads\/2026\/02\/detergjente-profesional.png\",\"datePublished\":\"2026-02-23T11:52:58+00:00\",\"dateModified\":\"2026-02-23T12:09:57+00:00\",\"description\":\"Zbuloni gam\u00ebn ton\u00eb t\u00eb plot\u00eb t\u00eb produkteve p\u00ebr hotele dhe biznese: amenities premium, detergjente profesionale dhe paketime\",\"breadcrumb\":{\"@id\":\"https:\/\/italpackalbania.com\/index.php\/product\/allegrini-oven-cleaner-automatic\/#breadcrumb\"},\"inLanguage\":\"en-US\",\"potentialAction\":[{\"@type\":\"ReadAction\",\"target\":[\"https:\/\/italpackalbania.com\/index.php\/product\/allegrini-oven-cleaner-automatic\/\"]}]},{\"@type\":\"ImageObject\",\"inLanguage\":\"en-US\",\"@id\":\"https:\/\/italpackalbania.com\/index.php\/product\/allegrini-oven-cleaner-automatic\/#primaryimage\",\"url\":\"https:\/\/italpackalbania.com\/wp-content\/uploads\/2026\/02\/detergjente-profesional.png\",\"contentUrl\":\"https:\/\/italpackalbania.com\/wp-content\/uploads\/2026\/02\/detergjente-profesional.png\",\"width\":600,\"height\":600},{\"@type\":\"BreadcrumbList\",\"@id\":\"https:\/\/italpackalbania.com\/index.php\/product\/allegrini-oven-cleaner-automatic\/#breadcrumb\",\"itemListElement\":[{\"@type\":\"ListItem\",\"position\":1,\"name\":\"Home\",\"item\":\"https:\/\/italpackalbania.com\/\"},{\"@type\":\"ListItem\",\"position\":2,\"name\":\"Products\",\"item\":\"https:\/\/italpackalbania.com\/index.php\/shop\/\"},{\"@type\":\"ListItem\",\"position\":3,\"name\":\"Allegrini Oven Cleaner Automatic\"}]},{\"@type\":\"WebSite\",\"@id\":\"https:\/\/italpackalbania.com\/#website\",\"url\":\"https:\/\/italpackalbania.com\/\",\"name\":\"Italpack Albania\",\"description\":\"Aksesor\u00eb p\u00ebr hoteleri, detergjent\u00eb p\u00ebr sht\u00ebpi, hoteleri, restorante, paketime p\u00ebr delivery, ambalazhime p\u00ebr biznese\",\"publisher\":{\"@id\":\"https:\/\/italpackalbania.com\/#organization\"},\"potentialAction\":[{\"@type\":\"SearchAction\",\"target\":{\"@type\":\"EntryPoint\",\"urlTemplate\":\"https:\/\/italpackalbania.com\/?s={search_term_string}\"},\"query-input\":{\"@type\":\"PropertyValueSpecification\",\"valueRequired\":true,\"valueName\":\"search_term_string\"}}],\"inLanguage\":\"en-US\"},{\"@type\":\"Organization\",\"@id\":\"https:\/\/italpackalbania.com\/#organization\",\"name\":\"ItalPack Albania\",\"url\":\"https:\/\/italpackalbania.com\/\",\"logo\":{\"@type\":\"ImageObject\",\"inLanguage\":\"en-US\",\"@id\":\"https:\/\/italpackalbania.com\/#\/schema\/logo\/image\/\",\"url\":\"https:\/\/italpackalbania.com\/wp-content\/uploads\/2025\/12\/cropped-italpack-logo.png\",\"contentUrl\":\"https:\/\/italpackalbania.com\/wp-content\/uploads\/2025\/12\/cropped-italpack-logo.png\",\"width\":512,\"height\":512,\"caption\":\"ItalPack Albania\"},\"image\":{\"@id\":\"https:\/\/italpackalbania.com\/#\/schema\/logo\/image\/\"},\"sameAs\":[\"https:\/\/www.facebook.com\/italpack.albania.37\/\",\"https:\/\/www.instagram.com\/italpackalbania\/\"]}]}<\/script>\n<!-- \/ Yoast SEO plugin. -->","yoast_head_json":{"title":"Allegrini Oven Cleaner Automatic - Italpack Albania","description":"Zbuloni gam\u00ebn ton\u00eb t\u00eb plot\u00eb t\u00eb produkteve p\u00ebr hotele dhe biznese: amenities premium, detergjente profesionale dhe paketime","robots":{"index":"index","follow":"follow","max-snippet":"max-snippet:-1","max-image-preview":"max-image-preview:large","max-video-preview":"max-video-preview:-1"},"canonical":"https:\/\/italpackalbania.com\/index.php\/product\/allegrini-oven-cleaner-automatic\/","og_locale":"en_US","og_type":"article","og_title":"Allegrini Oven Cleaner Automatic - Italpack Albania","og_description":"Zbuloni gam\u00ebn ton\u00eb t\u00eb plot\u00eb t\u00eb produkteve p\u00ebr hotele dhe biznese: amenities premium, detergjente profesionale dhe paketime","og_url":"https:\/\/italpackalbania.com\/index.php\/product\/allegrini-oven-cleaner-automatic\/","og_site_name":"Italpack Albania","article_publisher":"https:\/\/www.facebook.com\/italpack.albania.37\/","article_modified_time":"2026-02-23T12:09:57+00:00","og_image":[{"width":600,"height":600,"url":"https:\/\/italpackalbania.com\/wp-content\/uploads\/2026\/02\/detergjente-profesional.png","type":"image\/png"}],"twitter_card":"summary_large_image","twitter_misc":{"Est. reading time":"1 minute"},"schema":{"@context":"https:\/\/schema.org","@graph":[{"@type":"WebPage","@id":"https:\/\/italpackalbania.com\/index.php\/product\/allegrini-oven-cleaner-automatic\/","url":"https:\/\/italpackalbania.com\/index.php\/product\/allegrini-oven-cleaner-automatic\/","name":"Allegrini Oven Cleaner Automatic - Italpack Albania","isPartOf":{"@id":"https:\/\/italpackalbania.com\/#website"},"primaryImageOfPage":{"@id":"https:\/\/italpackalbania.com\/index.php\/product\/allegrini-oven-cleaner-automatic\/#primaryimage"},"image":{"@id":"https:\/\/italpackalbania.com\/index.php\/product\/allegrini-oven-cleaner-automatic\/#primaryimage"},"thumbnailUrl":"https:\/\/italpackalbania.com\/wp-content\/uploads\/2026\/02\/detergjente-profesional.png","datePublished":"2026-02-23T11:52:58+00:00","dateModified":"2026-02-23T12:09:57+00:00","description":"Zbuloni gam\u00ebn ton\u00eb t\u00eb plot\u00eb t\u00eb produkteve p\u00ebr hotele dhe biznese: amenities premium, detergjente profesionale dhe paketime","breadcrumb":{"@id":"https:\/\/italpackalbania.com\/index.php\/product\/allegrini-oven-cleaner-automatic\/#breadcrumb"},"inLanguage":"en-US","potentialAction":[{"@type":"ReadAction","target":["https:\/\/italpackalbania.com\/index.php\/product\/allegrini-oven-cleaner-automatic\/"]}]},{"@type":"ImageObject","inLanguage":"en-US","@id":"https:\/\/italpackalbania.com\/index.php\/product\/allegrini-oven-cleaner-automatic\/#primaryimage","url":"https:\/\/italpackalbania.com\/wp-content\/uploads\/2026\/02\/detergjente-profesional.png","contentUrl":"https:\/\/italpackalbania.com\/wp-content\/uploads\/2026\/02\/detergjente-profesional.png","width":600,"height":600},{"@type":"BreadcrumbList","@id":"https:\/\/italpackalbania.com\/index.php\/product\/allegrini-oven-cleaner-automatic\/#breadcrumb","itemListElement":[{"@type":"ListItem","position":1,"name":"Home","item":"https:\/\/italpackalbania.com\/"},{"@type":"ListItem","position":2,"name":"Products","item":"https:\/\/italpackalbania.com\/index.php\/shop\/"},{"@type":"ListItem","position":3,"name":"Allegrini Oven Cleaner Automatic"}]},{"@type":"WebSite","@id":"https:\/\/italpackalbania.com\/#website","url":"https:\/\/italpackalbania.com\/","name":"Italpack Albania","description":"Aksesor\u00eb p\u00ebr hoteleri, detergjent\u00eb p\u00ebr sht\u00ebpi, hoteleri, restorante, paketime p\u00ebr delivery, ambalazhime p\u00ebr biznese","publisher":{"@id":"https:\/\/italpackalbania.com\/#organization"},"potentialAction":[{"@type":"SearchAction","target":{"@type":"EntryPoint","urlTemplate":"https:\/\/italpackalbania.com\/?s={search_term_string}"},"query-input":{"@type":"PropertyValueSpecification","valueRequired":true,"valueName":"search_term_string"}}],"inLanguage":"en-US"},{"@type":"Organization","@id":"https:\/\/italpackalbania.com\/#organization","name":"ItalPack Albania","url":"https:\/\/italpackalbania.com\/","logo":{"@type":"ImageObject","inLanguage":"en-US","@id":"https:\/\/italpackalbania.com\/#\/schema\/logo\/image\/","url":"https:\/\/italpackalbania.com\/wp-content\/uploads\/2025\/12\/cropped-italpack-logo.png","contentUrl":"https:\/\/italpackalbania.com\/wp-content\/uploads\/2025\/12\/cropped-italpack-logo.png","width":512,"height":512,"caption":"ItalPack Albania"},"image":{"@id":"https:\/\/italpackalbania.com\/#\/schema\/logo\/image\/"},"sameAs":["https:\/\/www.facebook.com\/italpack.albania.37\/","https:\/\/www.instagram.com\/italpackalbania\/"]}]}},"_links":{"self":[{"href":"https:\/\/italpackalbania.com\/index.php\/wp-json\/wp\/v2\/product\/1533","targetHints":{"allow":["GET"]}}],"collection":[{"href":"https:\/\/italpackalbania.com\/index.php\/wp-json\/wp\/v2\/product"}],"about":[{"href":"https:\/\/italpackalbania.com\/index.php\/wp-json\/wp\/v2\/types\/product"}],"wp:featuredmedia":[{"embeddable":true,"href":"https:\/\/italpackalbania.com\/index.php\/wp-json\/wp\/v2\/media\/1389"}],"wp:attachment":[{"href":"https:\/\/italpackalbania.com\/index.php\/wp-json\/wp\/v2\/media?parent=1533"}],"wp:term":[{"taxonomy":"product_brand","embeddable":true,"href":"https:\/\/italpackalbania.com\/index.php\/wp-json\/wp\/v2\/product_brand?post=1533"},{"taxonomy":"product_cat","embeddable":true,"href":"https:\/\/italpackalbania.com\/index.php\/wp-json\/wp\/v2\/product_cat?post=1533"},{"taxonomy":"product_tag","embeddable":true,"href":"https:\/\/italpackalbania.com\/index.php\/wp-json\/wp\/v2\/product_tag?post=1533"}],"curies":[{"name":"wp","href":"https:\/\/api.w.org\/{rel}","templated":true}]}}