{"id":1570,"date":"2026-03-05T12:09:14","date_gmt":"2026-03-05T12:09:14","guid":{"rendered":"https:\/\/italpackalbania.com\/?post_type=product&#038;p=1570"},"modified":"2026-03-17T15:10:59","modified_gmt":"2026-03-17T15:10:59","slug":"allegrini-disincrostante-per-lavastovigle","status":"publish","type":"product","link":"https:\/\/italpackalbania.com\/index.php\/product\/allegrini-disincrostante-per-lavastovigle\/","title":{"rendered":"Allegrini Disincrostante per lavastovigle"},"content":{"rendered":"<p data-start=\"109\" data-end=\"118\">5 L<\/p>\n<p data-start=\"120\" data-end=\"444\">Pastrues shum\u00eb i fuqish\u00ebm i formuluar p\u00ebr t\u00eb hequr n\u00eb m\u00ebnyr\u00eb efektive g\u00eblqeren (kalkarin), yndyr\u00ebn e mbetur dhe mbetjet e ushqimit t\u00eb grumbulluara n\u00eb lavastovilje. Vepron shpejt dhe siguron pastrim t\u00eb thell\u00eb, duke rikthyer past\u00ebrtin\u00eb dhe performanc\u00ebn optimale t\u00eb pajisjes.<\/p>\n<p data-start=\"446\" data-end=\"471\"><strong data-start=\"446\" data-end=\"469\">I p\u00ebrshtatsh\u00ebm p\u00ebr:<\/strong><\/p>\n<ul data-start=\"472\" data-end=\"646\">\n<li data-start=\"472\" data-end=\"534\">\n<p data-start=\"474\" data-end=\"534\">Lavastovilje profesionale me cikle larjeje t\u00eb p\u00ebrqendruara<\/p>\n<\/li>\n<li data-start=\"535\" data-end=\"577\">\n<p data-start=\"537\" data-end=\"577\">Lavastovilje restorantesh dhe hotelesh<\/p>\n<\/li>\n<li data-start=\"578\" data-end=\"609\">\n<p data-start=\"580\" data-end=\"609\">Pajisje kuzhine industriale<\/p>\n<\/li>\n<li data-start=\"610\" data-end=\"646\">\n<p data-start=\"612\" data-end=\"646\">Ambientet profesionale ushqimore<\/p>\n<\/li>\n<\/ul>\n<p data-start=\"648\" data-end=\"749\">Formula e tij e p\u00ebrqendruar garanton rezultate t\u00eb larta pastrimi edhe n\u00eb kushte p\u00ebrdorimi intensiv.<\/p>\n<p data-start=\"751\" data-end=\"777\"><strong data-start=\"751\" data-end=\"775\">P\u00ebrfitimet kryesore:<\/strong><\/p>\n<ul data-start=\"778\" data-end=\"1028\">\n<li data-start=\"778\" data-end=\"835\">\n<p data-start=\"780\" data-end=\"835\">Heq g\u00eblqeren, yndyr\u00ebn dhe mbetjet e forta t\u00eb ushqimit<\/p>\n<\/li>\n<li data-start=\"836\" data-end=\"868\">\n<p data-start=\"838\" data-end=\"868\">Veprim i shpejt\u00eb dhe efektiv<\/p>\n<\/li>\n<li data-start=\"869\" data-end=\"921\">\n<p data-start=\"871\" data-end=\"921\">I p\u00ebrshtatsh\u00ebm p\u00ebr \u00e7do lavastovilje profesionale<\/p>\n<\/li>\n<li data-start=\"922\" data-end=\"982\">\n<p data-start=\"924\" data-end=\"982\">Rikthen past\u00ebrtin\u00eb dhe higjien\u00ebn e brendshme t\u00eb pajisjes<\/p>\n<\/li>\n<li data-start=\"983\" data-end=\"1028\">\n<p data-start=\"985\" data-end=\"1028\">Produkt profesional p\u00ebr p\u00ebrdorim intensiv<\/p>\n<\/li>\n<\/ul>\n<p data-start=\"1030\" data-end=\"1134\"><strong data-start=\"1030\" data-end=\"1049\">Si t\u00eb p\u00ebrdoret:<\/strong><br data-start=\"1049\" data-end=\"1052\" \/>P\u00ebrdoreni <strong data-start=\"1062\" data-end=\"1097\">Disincrostante p\u00ebr lavastovilje<\/strong> sipas udh\u00ebzimeve t\u00eb lavastoviljes.<\/p>\n<ol data-start=\"1135\" data-end=\"1358\">\n<li data-start=\"1135\" data-end=\"1172\">\n<p data-start=\"1138\" data-end=\"1172\">Lavastovilja duhet t\u00eb jet\u00eb bosh.<\/p>\n<\/li>\n<li data-start=\"1173\" data-end=\"1219\">\n<p data-start=\"1176\" data-end=\"1219\">Shtoni sasin\u00eb e rekomanduar t\u00eb produktit.<\/p>\n<\/li>\n<li data-start=\"1220\" data-end=\"1358\">\n<p data-start=\"1223\" data-end=\"1358\">Aktivizoni ciklin e pastrimit me temperatur\u00eb t\u00eb lart\u00eb.<br data-start=\"1277\" data-end=\"1280\" \/>N\u00eb fund t\u00eb procesit, lavastovilja do t\u00eb jet\u00eb e past\u00ebr dhe gati p\u00ebr p\u00ebrdorim.<\/p>\n<\/li>\n<\/ol>\n","protected":false},"excerpt":{"rendered":"<p>5 L Pastrues shum\u00eb i fuqish\u00ebm i formuluar p\u00ebr t\u00eb hequr n\u00eb m\u00ebnyr\u00eb efektive g\u00eblqeren (kalkarin), yndyr\u00ebn e mbetur dhe mbetjet e ushqimit t\u00eb grumbulluara n\u00eb lavastovilje. Vepron shpejt dhe siguron pastrim t\u00eb thell\u00eb, duke rikthyer past\u00ebrtin\u00eb dhe performanc\u00ebn optimale t\u00eb pajisjes. I p\u00ebrshtatsh\u00ebm p\u00ebr: Lavastovilje profesionale me cikle larjeje t\u00eb p\u00ebrqendruara Lavastovilje restorantesh dhe&hellip;<\/p>\n","protected":false},"featured_media":1384,"template":"","meta":[],"product_brand":[],"product_cat":[15],"product_tag":[118,110],"class_list":{"0":"post-1570","1":"product","2":"type-product","3":"status-publish","4":"has-post-thumbnail","6":"product_cat-uncategorized","7":"product_tag-antikalkare-per-lavastovilje","8":"product_tag-detergjent-antikalkare","9":"description-off","11":"first","12":"instock","13":"shipping-taxable","14":"purchasable","15":"product-type-simple"},"yoast_head":"<!-- This site is optimized with the Yoast SEO plugin v26.7 - https:\/\/yoast.com\/wordpress\/plugins\/seo\/ -->\n<title>Allegrini Disincrostante per lavastovigle - Italpack Albania<\/title>\n<meta name=\"description\" content=\"Zbuloni gam\u00ebn ton\u00eb t\u00eb plot\u00eb t\u00eb produkteve p\u00ebr hotele dhe biznese: amenities premium, detergjente profesionale dhe paketime\" \/>\n<meta name=\"robots\" content=\"index, follow, max-snippet:-1, max-image-preview:large, max-video-preview:-1\" \/>\n<link rel=\"canonical\" href=\"https:\/\/italpackalbania.com\/index.php\/product\/allegrini-disincrostante-per-lavastovigle\/\" \/>\n<meta property=\"og:locale\" content=\"en_US\" \/>\n<meta property=\"og:type\" content=\"article\" \/>\n<meta property=\"og:title\" content=\"Allegrini Disincrostante per lavastovigle - Italpack Albania\" \/>\n<meta property=\"og:description\" content=\"Zbuloni gam\u00ebn ton\u00eb t\u00eb plot\u00eb t\u00eb produkteve p\u00ebr hotele dhe biznese: amenities premium, detergjente profesionale dhe paketime\" \/>\n<meta property=\"og:url\" content=\"https:\/\/italpackalbania.com\/index.php\/product\/allegrini-disincrostante-per-lavastovigle\/\" \/>\n<meta property=\"og:site_name\" content=\"Italpack Albania\" \/>\n<meta property=\"article:publisher\" content=\"https:\/\/www.facebook.com\/italpack.albania.37\/\" \/>\n<meta property=\"article:modified_time\" content=\"2026-03-17T15:10:59+00:00\" \/>\n<meta property=\"og:image\" content=\"https:\/\/italpackalbania.com\/wp-content\/uploads\/2026\/02\/detergjente-2.png\" \/>\n\t<meta property=\"og:image:width\" content=\"600\" \/>\n\t<meta property=\"og:image:height\" content=\"600\" \/>\n\t<meta property=\"og:image:type\" content=\"image\/png\" \/>\n<meta name=\"twitter:card\" content=\"summary_large_image\" \/>\n<meta name=\"twitter:label1\" content=\"Est. reading time\" \/>\n\t<meta name=\"twitter:data1\" content=\"1 minute\" \/>\n<script type=\"application\/ld+json\" class=\"yoast-schema-graph\">{\"@context\":\"https:\/\/schema.org\",\"@graph\":[{\"@type\":\"WebPage\",\"@id\":\"https:\/\/italpackalbania.com\/index.php\/product\/allegrini-disincrostante-per-lavastovigle\/\",\"url\":\"https:\/\/italpackalbania.com\/index.php\/product\/allegrini-disincrostante-per-lavastovigle\/\",\"name\":\"Allegrini Disincrostante per lavastovigle - Italpack Albania\",\"isPartOf\":{\"@id\":\"https:\/\/italpackalbania.com\/#website\"},\"primaryImageOfPage\":{\"@id\":\"https:\/\/italpackalbania.com\/index.php\/product\/allegrini-disincrostante-per-lavastovigle\/#primaryimage\"},\"image\":{\"@id\":\"https:\/\/italpackalbania.com\/index.php\/product\/allegrini-disincrostante-per-lavastovigle\/#primaryimage\"},\"thumbnailUrl\":\"https:\/\/italpackalbania.com\/wp-content\/uploads\/2026\/02\/detergjente-2.png\",\"datePublished\":\"2026-03-05T12:09:14+00:00\",\"dateModified\":\"2026-03-17T15:10:59+00:00\",\"description\":\"Zbuloni gam\u00ebn ton\u00eb t\u00eb plot\u00eb t\u00eb produkteve p\u00ebr hotele dhe biznese: amenities premium, detergjente profesionale dhe paketime\",\"breadcrumb\":{\"@id\":\"https:\/\/italpackalbania.com\/index.php\/product\/allegrini-disincrostante-per-lavastovigle\/#breadcrumb\"},\"inLanguage\":\"en-US\",\"potentialAction\":[{\"@type\":\"ReadAction\",\"target\":[\"https:\/\/italpackalbania.com\/index.php\/product\/allegrini-disincrostante-per-lavastovigle\/\"]}]},{\"@type\":\"ImageObject\",\"inLanguage\":\"en-US\",\"@id\":\"https:\/\/italpackalbania.com\/index.php\/product\/allegrini-disincrostante-per-lavastovigle\/#primaryimage\",\"url\":\"https:\/\/italpackalbania.com\/wp-content\/uploads\/2026\/02\/detergjente-2.png\",\"contentUrl\":\"https:\/\/italpackalbania.com\/wp-content\/uploads\/2026\/02\/detergjente-2.png\",\"width\":600,\"height\":600},{\"@type\":\"BreadcrumbList\",\"@id\":\"https:\/\/italpackalbania.com\/index.php\/product\/allegrini-disincrostante-per-lavastovigle\/#breadcrumb\",\"itemListElement\":[{\"@type\":\"ListItem\",\"position\":1,\"name\":\"Home\",\"item\":\"https:\/\/italpackalbania.com\/\"},{\"@type\":\"ListItem\",\"position\":2,\"name\":\"Products\",\"item\":\"https:\/\/italpackalbania.com\/index.php\/shop\/\"},{\"@type\":\"ListItem\",\"position\":3,\"name\":\"Allegrini Disincrostante per lavastovigle\"}]},{\"@type\":\"WebSite\",\"@id\":\"https:\/\/italpackalbania.com\/#website\",\"url\":\"https:\/\/italpackalbania.com\/\",\"name\":\"Italpack Albania\",\"description\":\"Aksesor\u00eb p\u00ebr hoteleri, detergjent\u00eb p\u00ebr sht\u00ebpi, hoteleri, restorante, paketime p\u00ebr delivery, ambalazhime p\u00ebr biznese\",\"publisher\":{\"@id\":\"https:\/\/italpackalbania.com\/#organization\"},\"potentialAction\":[{\"@type\":\"SearchAction\",\"target\":{\"@type\":\"EntryPoint\",\"urlTemplate\":\"https:\/\/italpackalbania.com\/?s={search_term_string}\"},\"query-input\":{\"@type\":\"PropertyValueSpecification\",\"valueRequired\":true,\"valueName\":\"search_term_string\"}}],\"inLanguage\":\"en-US\"},{\"@type\":\"Organization\",\"@id\":\"https:\/\/italpackalbania.com\/#organization\",\"name\":\"ItalPack Albania\",\"url\":\"https:\/\/italpackalbania.com\/\",\"logo\":{\"@type\":\"ImageObject\",\"inLanguage\":\"en-US\",\"@id\":\"https:\/\/italpackalbania.com\/#\/schema\/logo\/image\/\",\"url\":\"https:\/\/italpackalbania.com\/wp-content\/uploads\/2025\/12\/cropped-italpack-logo.png\",\"contentUrl\":\"https:\/\/italpackalbania.com\/wp-content\/uploads\/2025\/12\/cropped-italpack-logo.png\",\"width\":512,\"height\":512,\"caption\":\"ItalPack Albania\"},\"image\":{\"@id\":\"https:\/\/italpackalbania.com\/#\/schema\/logo\/image\/\"},\"sameAs\":[\"https:\/\/www.facebook.com\/italpack.albania.37\/\",\"https:\/\/www.instagram.com\/italpackalbania\/\"]}]}<\/script>\n<!-- \/ Yoast SEO plugin. -->","yoast_head_json":{"title":"Allegrini Disincrostante per lavastovigle - Italpack Albania","description":"Zbuloni gam\u00ebn ton\u00eb t\u00eb plot\u00eb t\u00eb produkteve p\u00ebr hotele dhe biznese: amenities premium, detergjente profesionale dhe paketime","robots":{"index":"index","follow":"follow","max-snippet":"max-snippet:-1","max-image-preview":"max-image-preview:large","max-video-preview":"max-video-preview:-1"},"canonical":"https:\/\/italpackalbania.com\/index.php\/product\/allegrini-disincrostante-per-lavastovigle\/","og_locale":"en_US","og_type":"article","og_title":"Allegrini Disincrostante per lavastovigle - Italpack Albania","og_description":"Zbuloni gam\u00ebn ton\u00eb t\u00eb plot\u00eb t\u00eb produkteve p\u00ebr hotele dhe biznese: amenities premium, detergjente profesionale dhe paketime","og_url":"https:\/\/italpackalbania.com\/index.php\/product\/allegrini-disincrostante-per-lavastovigle\/","og_site_name":"Italpack Albania","article_publisher":"https:\/\/www.facebook.com\/italpack.albania.37\/","article_modified_time":"2026-03-17T15:10:59+00:00","og_image":[{"width":600,"height":600,"url":"https:\/\/italpackalbania.com\/wp-content\/uploads\/2026\/02\/detergjente-2.png","type":"image\/png"}],"twitter_card":"summary_large_image","twitter_misc":{"Est. reading time":"1 minute"},"schema":{"@context":"https:\/\/schema.org","@graph":[{"@type":"WebPage","@id":"https:\/\/italpackalbania.com\/index.php\/product\/allegrini-disincrostante-per-lavastovigle\/","url":"https:\/\/italpackalbania.com\/index.php\/product\/allegrini-disincrostante-per-lavastovigle\/","name":"Allegrini Disincrostante per lavastovigle - Italpack Albania","isPartOf":{"@id":"https:\/\/italpackalbania.com\/#website"},"primaryImageOfPage":{"@id":"https:\/\/italpackalbania.com\/index.php\/product\/allegrini-disincrostante-per-lavastovigle\/#primaryimage"},"image":{"@id":"https:\/\/italpackalbania.com\/index.php\/product\/allegrini-disincrostante-per-lavastovigle\/#primaryimage"},"thumbnailUrl":"https:\/\/italpackalbania.com\/wp-content\/uploads\/2026\/02\/detergjente-2.png","datePublished":"2026-03-05T12:09:14+00:00","dateModified":"2026-03-17T15:10:59+00:00","description":"Zbuloni gam\u00ebn ton\u00eb t\u00eb plot\u00eb t\u00eb produkteve p\u00ebr hotele dhe biznese: amenities premium, detergjente profesionale dhe paketime","breadcrumb":{"@id":"https:\/\/italpackalbania.com\/index.php\/product\/allegrini-disincrostante-per-lavastovigle\/#breadcrumb"},"inLanguage":"en-US","potentialAction":[{"@type":"ReadAction","target":["https:\/\/italpackalbania.com\/index.php\/product\/allegrini-disincrostante-per-lavastovigle\/"]}]},{"@type":"ImageObject","inLanguage":"en-US","@id":"https:\/\/italpackalbania.com\/index.php\/product\/allegrini-disincrostante-per-lavastovigle\/#primaryimage","url":"https:\/\/italpackalbania.com\/wp-content\/uploads\/2026\/02\/detergjente-2.png","contentUrl":"https:\/\/italpackalbania.com\/wp-content\/uploads\/2026\/02\/detergjente-2.png","width":600,"height":600},{"@type":"BreadcrumbList","@id":"https:\/\/italpackalbania.com\/index.php\/product\/allegrini-disincrostante-per-lavastovigle\/#breadcrumb","itemListElement":[{"@type":"ListItem","position":1,"name":"Home","item":"https:\/\/italpackalbania.com\/"},{"@type":"ListItem","position":2,"name":"Products","item":"https:\/\/italpackalbania.com\/index.php\/shop\/"},{"@type":"ListItem","position":3,"name":"Allegrini Disincrostante per lavastovigle"}]},{"@type":"WebSite","@id":"https:\/\/italpackalbania.com\/#website","url":"https:\/\/italpackalbania.com\/","name":"Italpack Albania","description":"Aksesor\u00eb p\u00ebr hoteleri, detergjent\u00eb p\u00ebr sht\u00ebpi, hoteleri, restorante, paketime p\u00ebr delivery, ambalazhime p\u00ebr biznese","publisher":{"@id":"https:\/\/italpackalbania.com\/#organization"},"potentialAction":[{"@type":"SearchAction","target":{"@type":"EntryPoint","urlTemplate":"https:\/\/italpackalbania.com\/?s={search_term_string}"},"query-input":{"@type":"PropertyValueSpecification","valueRequired":true,"valueName":"search_term_string"}}],"inLanguage":"en-US"},{"@type":"Organization","@id":"https:\/\/italpackalbania.com\/#organization","name":"ItalPack Albania","url":"https:\/\/italpackalbania.com\/","logo":{"@type":"ImageObject","inLanguage":"en-US","@id":"https:\/\/italpackalbania.com\/#\/schema\/logo\/image\/","url":"https:\/\/italpackalbania.com\/wp-content\/uploads\/2025\/12\/cropped-italpack-logo.png","contentUrl":"https:\/\/italpackalbania.com\/wp-content\/uploads\/2025\/12\/cropped-italpack-logo.png","width":512,"height":512,"caption":"ItalPack Albania"},"image":{"@id":"https:\/\/italpackalbania.com\/#\/schema\/logo\/image\/"},"sameAs":["https:\/\/www.facebook.com\/italpack.albania.37\/","https:\/\/www.instagram.com\/italpackalbania\/"]}]}},"_links":{"self":[{"href":"https:\/\/italpackalbania.com\/index.php\/wp-json\/wp\/v2\/product\/1570","targetHints":{"allow":["GET"]}}],"collection":[{"href":"https:\/\/italpackalbania.com\/index.php\/wp-json\/wp\/v2\/product"}],"about":[{"href":"https:\/\/italpackalbania.com\/index.php\/wp-json\/wp\/v2\/types\/product"}],"wp:featuredmedia":[{"embeddable":true,"href":"https:\/\/italpackalbania.com\/index.php\/wp-json\/wp\/v2\/media\/1384"}],"wp:attachment":[{"href":"https:\/\/italpackalbania.com\/index.php\/wp-json\/wp\/v2\/media?parent=1570"}],"wp:term":[{"taxonomy":"product_brand","embeddable":true,"href":"https:\/\/italpackalbania.com\/index.php\/wp-json\/wp\/v2\/product_brand?post=1570"},{"taxonomy":"product_cat","embeddable":true,"href":"https:\/\/italpackalbania.com\/index.php\/wp-json\/wp\/v2\/product_cat?post=1570"},{"taxonomy":"product_tag","embeddable":true,"href":"https:\/\/italpackalbania.com\/index.php\/wp-json\/wp\/v2\/product_tag?post=1570"}],"curies":[{"name":"wp","href":"https:\/\/api.w.org\/{rel}","templated":true}]}}