{"id":660,"date":"2025-11-25T09:33:33","date_gmt":"2025-11-25T09:33:33","guid":{"rendered":"https:\/\/italpackalbania.com\/?post_type=product&#038;p=660"},"modified":"2026-01-10T11:45:56","modified_gmt":"2026-01-10T11:45:56","slug":"hagleitner-havon-fs","status":"publish","type":"product","link":"https:\/\/italpackalbania.com\/index.php\/product\/hagleitner-havon-fs\/","title":{"rendered":"Hagleitner Havon FS"},"content":{"rendered":"<p data-start=\"69\" data-end=\"393\"><strong>1 L<\/strong><\/p>\n<p data-start=\"69\" data-end=\"393\"><strong data-start=\"69\" data-end=\"136\">Pastrimi i thell\u00eb q\u00eb largon yndyr\u00ebn dhe njollat m\u00eb t\u00eb v\u00ebshtira.<\/strong><br data-start=\"136\" data-end=\"139\" \/>Detergjent special p\u00ebr rroba, i formuluar posa\u00e7\u00ebrisht p\u00ebr t\u00eb hequr njollat e yndyr\u00ebs dhe papast\u00ebrtit\u00eb e ngulitura. Ideale p\u00ebr lavanderi profesionale, restorante, hotele ose p\u00ebrdorim sht\u00ebpiak kur k\u00ebrkohet efekt maksimal pastrimi.<\/p>\n<p data-start=\"395\" data-end=\"414\">I p\u00ebrshtatsh\u00ebm p\u00ebr:<\/p>\n<ul data-start=\"416\" data-end=\"578\">\n<li data-start=\"416\" data-end=\"443\">\n<p data-start=\"418\" data-end=\"443\">Rroba pune dhe uniforme<\/p>\n<\/li>\n<li data-start=\"444\" data-end=\"487\">\n<p data-start=\"446\" data-end=\"487\">Peshqir\u00eb e mbulesa me kontakt me yndyr\u00eb<\/p>\n<\/li>\n<li data-start=\"488\" data-end=\"535\">\n<p data-start=\"490\" data-end=\"535\">Veshje kuzhine (p\u00ebrpar\u00ebse, peceta, mbulesa)<\/p>\n<\/li>\n<li data-start=\"536\" data-end=\"578\">\n<p data-start=\"538\" data-end=\"578\">Rroba t\u00eb p\u00ebrditshme me njolla t\u00eb forta<\/p>\n<\/li>\n<\/ul>\n<p data-start=\"580\" data-end=\"710\">Formulimi i avancuar i <strong data-start=\"603\" data-end=\"615\">HAVON FS<\/strong> dep\u00ebrton thell\u00eb n\u00eb fibra dhe shp\u00ebrb\u00ebn papast\u00ebrtit\u00eb q\u00eb detergjent\u00ebt e zakonsh\u00ebm nuk i largojn\u00eb.<\/p>\n<h3 data-start=\"717\" data-end=\"745\"><strong data-start=\"721\" data-end=\"745\">P\u00ebrfitimet kryesore:<\/strong><\/h3>\n<ul data-start=\"747\" data-end=\"994\">\n<li data-start=\"747\" data-end=\"781\">\n<p data-start=\"749\" data-end=\"781\">Heqje shum\u00eb efektive e yndyr\u00ebs<\/p>\n<\/li>\n<li data-start=\"782\" data-end=\"833\">\n<p data-start=\"784\" data-end=\"833\">Pastrim i fuqish\u00ebm edhe n\u00eb temperatura t\u00eb ul\u00ebta<\/p>\n<\/li>\n<li data-start=\"834\" data-end=\"905\">\n<p data-start=\"836\" data-end=\"905\">P\u00ebrmir\u00ebson performanc\u00ebn e \u00e7do detergjenti tjet\u00ebr n\u00eb ciklin e larjes<\/p>\n<\/li>\n<li data-start=\"906\" data-end=\"944\">\n<p data-start=\"908\" data-end=\"944\">I sigurt p\u00ebr tekstilet dhe ngjyrat<\/p>\n<\/li>\n<li data-start=\"945\" data-end=\"994\">\n<p data-start=\"947\" data-end=\"994\">Ideal p\u00ebr ambiente profesionale dhe sht\u00ebpiake<\/p>\n<\/li>\n<\/ul>\n<h3 data-start=\"1001\" data-end=\"1024\"><strong data-start=\"1005\" data-end=\"1024\">Si t\u00eb p\u00ebrdoret:<\/strong><\/h3>\n<p data-start=\"1026\" data-end=\"1257\">Shtoni <strong data-start=\"1033\" data-end=\"1045\">HAVON FS<\/strong> n\u00eb lavatri\u00e7e s\u00eb bashku me detergjentin kryesor, sipas dozimit t\u00eb rekomanduar (zakonisht 10\u201320 ml p\u00ebr ngarkes\u00eb, n\u00eb var\u00ebsi t\u00eb ndotjes).<br data-start=\"1179\" data-end=\"1182\" \/>P\u00ebr rroba shum\u00eb t\u00eb ndotura, rriteni doz\u00ebn p\u00ebr t\u00eb siguruar pastrim maksimal.<\/p>\n<h3 data-start=\"1264\" data-end=\"1281\"><strong data-start=\"1268\" data-end=\"1281\">K\u00ebshill\u00eb:<\/strong><\/h3>\n<p data-start=\"1282\" data-end=\"1418\">P\u00ebrdoreni \u00e7do her\u00eb kur ka njolla t\u00eb v\u00ebshtira ose sasi t\u00eb madhe yndyre \u2013 p\u00ebr rezultate t\u00eb pastra, t\u00eb fresk\u00ebta dhe pa aroma t\u00eb pak\u00ebndshme.<\/p>\n","protected":false},"excerpt":{"rendered":"<p>1 L Pastrimi i thell\u00eb q\u00eb largon yndyr\u00ebn dhe njollat m\u00eb t\u00eb v\u00ebshtira.Detergjent special p\u00ebr rroba, i formuluar posa\u00e7\u00ebrisht p\u00ebr t\u00eb hequr njollat e yndyr\u00ebs dhe papast\u00ebrtit\u00eb e ngulitura. Ideale p\u00ebr lavanderi profesionale, restorante, hotele ose p\u00ebrdorim sht\u00ebpiak kur k\u00ebrkohet efekt maksimal pastrimi. I p\u00ebrshtatsh\u00ebm p\u00ebr: Rroba pune dhe uniforme Peshqir\u00eb e mbulesa me kontakt&hellip;<\/p>\n","protected":false},"featured_media":661,"template":"","meta":[],"product_brand":[],"product_cat":[29],"product_tag":[35],"class_list":{"0":"post-660","1":"product","2":"type-product","3":"status-publish","4":"has-post-thumbnail","6":"product_cat-produkte-pastrimi","7":"product_tag-detergjente-per-njolla","8":"description-off","10":"first","11":"instock","12":"shipping-taxable","13":"purchasable","14":"product-type-simple"},"yoast_head":"<!-- This site is optimized with the Yoast SEO plugin v26.7 - https:\/\/yoast.com\/wordpress\/plugins\/seo\/ -->\n<title>Hagleitner Havon FS - Italpack Albania<\/title>\n<meta name=\"description\" content=\"Zbuloni gam\u00ebn ton\u00eb t\u00eb plot\u00eb t\u00eb produkteve p\u00ebr hotele dhe biznese: amenities premium, detergjente profesionale dhe paketime\" \/>\n<meta name=\"robots\" content=\"index, follow, max-snippet:-1, max-image-preview:large, max-video-preview:-1\" \/>\n<link rel=\"canonical\" href=\"https:\/\/italpackalbania.com\/index.php\/product\/hagleitner-havon-fs\/\" \/>\n<meta property=\"og:locale\" content=\"en_US\" \/>\n<meta property=\"og:type\" content=\"article\" \/>\n<meta property=\"og:title\" content=\"Hagleitner Havon FS - Italpack Albania\" \/>\n<meta property=\"og:description\" content=\"Zbuloni gam\u00ebn ton\u00eb t\u00eb plot\u00eb t\u00eb produkteve p\u00ebr hotele dhe biznese: amenities premium, detergjente profesionale dhe paketime\" \/>\n<meta property=\"og:url\" content=\"https:\/\/italpackalbania.com\/index.php\/product\/hagleitner-havon-fs\/\" \/>\n<meta property=\"og:site_name\" content=\"Italpack Albania\" \/>\n<meta property=\"article:publisher\" content=\"https:\/\/www.facebook.com\/italpack.albania.37\/\" \/>\n<meta property=\"article:modified_time\" content=\"2026-01-10T11:45:56+00:00\" \/>\n<meta property=\"og:image\" content=\"https:\/\/italpackalbania.com\/wp-content\/uploads\/2025\/11\/detergjente-per-njolla.png\" \/>\n\t<meta property=\"og:image:width\" content=\"1654\" \/>\n\t<meta property=\"og:image:height\" content=\"1654\" \/>\n\t<meta property=\"og:image:type\" content=\"image\/png\" \/>\n<meta name=\"twitter:card\" content=\"summary_large_image\" \/>\n<meta name=\"twitter:label1\" content=\"Est. reading time\" \/>\n\t<meta name=\"twitter:data1\" content=\"2 minutes\" \/>\n<script type=\"application\/ld+json\" class=\"yoast-schema-graph\">{\"@context\":\"https:\/\/schema.org\",\"@graph\":[{\"@type\":\"WebPage\",\"@id\":\"https:\/\/italpackalbania.com\/index.php\/product\/hagleitner-havon-fs\/\",\"url\":\"https:\/\/italpackalbania.com\/index.php\/product\/hagleitner-havon-fs\/\",\"name\":\"Hagleitner Havon FS - Italpack Albania\",\"isPartOf\":{\"@id\":\"https:\/\/italpackalbania.com\/#website\"},\"primaryImageOfPage\":{\"@id\":\"https:\/\/italpackalbania.com\/index.php\/product\/hagleitner-havon-fs\/#primaryimage\"},\"image\":{\"@id\":\"https:\/\/italpackalbania.com\/index.php\/product\/hagleitner-havon-fs\/#primaryimage\"},\"thumbnailUrl\":\"https:\/\/italpackalbania.com\/wp-content\/uploads\/2025\/11\/detergjente-per-njolla.png\",\"datePublished\":\"2025-11-25T09:33:33+00:00\",\"dateModified\":\"2026-01-10T11:45:56+00:00\",\"description\":\"Zbuloni gam\u00ebn ton\u00eb t\u00eb plot\u00eb t\u00eb produkteve p\u00ebr hotele dhe biznese: amenities premium, detergjente profesionale dhe paketime\",\"breadcrumb\":{\"@id\":\"https:\/\/italpackalbania.com\/index.php\/product\/hagleitner-havon-fs\/#breadcrumb\"},\"inLanguage\":\"en-US\",\"potentialAction\":[{\"@type\":\"ReadAction\",\"target\":[\"https:\/\/italpackalbania.com\/index.php\/product\/hagleitner-havon-fs\/\"]}]},{\"@type\":\"ImageObject\",\"inLanguage\":\"en-US\",\"@id\":\"https:\/\/italpackalbania.com\/index.php\/product\/hagleitner-havon-fs\/#primaryimage\",\"url\":\"https:\/\/italpackalbania.com\/wp-content\/uploads\/2025\/11\/detergjente-per-njolla.png\",\"contentUrl\":\"https:\/\/italpackalbania.com\/wp-content\/uploads\/2025\/11\/detergjente-per-njolla.png\",\"width\":1654,\"height\":1654,\"caption\":\"detergjente per pastrim\"},{\"@type\":\"BreadcrumbList\",\"@id\":\"https:\/\/italpackalbania.com\/index.php\/product\/hagleitner-havon-fs\/#breadcrumb\",\"itemListElement\":[{\"@type\":\"ListItem\",\"position\":1,\"name\":\"Home\",\"item\":\"https:\/\/italpackalbania.com\/\"},{\"@type\":\"ListItem\",\"position\":2,\"name\":\"Products\",\"item\":\"https:\/\/italpackalbania.com\/index.php\/shop\/\"},{\"@type\":\"ListItem\",\"position\":3,\"name\":\"Hagleitner Havon FS\"}]},{\"@type\":\"WebSite\",\"@id\":\"https:\/\/italpackalbania.com\/#website\",\"url\":\"https:\/\/italpackalbania.com\/\",\"name\":\"Italpack Albania\",\"description\":\"Aksesor\u00eb p\u00ebr hoteleri, detergjent\u00eb p\u00ebr sht\u00ebpi, hoteleri, restorante, paketime p\u00ebr delivery, ambalazhime p\u00ebr biznese\",\"publisher\":{\"@id\":\"https:\/\/italpackalbania.com\/#organization\"},\"potentialAction\":[{\"@type\":\"SearchAction\",\"target\":{\"@type\":\"EntryPoint\",\"urlTemplate\":\"https:\/\/italpackalbania.com\/?s={search_term_string}\"},\"query-input\":{\"@type\":\"PropertyValueSpecification\",\"valueRequired\":true,\"valueName\":\"search_term_string\"}}],\"inLanguage\":\"en-US\"},{\"@type\":\"Organization\",\"@id\":\"https:\/\/italpackalbania.com\/#organization\",\"name\":\"ItalPack Albania\",\"url\":\"https:\/\/italpackalbania.com\/\",\"logo\":{\"@type\":\"ImageObject\",\"inLanguage\":\"en-US\",\"@id\":\"https:\/\/italpackalbania.com\/#\/schema\/logo\/image\/\",\"url\":\"https:\/\/italpackalbania.com\/wp-content\/uploads\/2025\/12\/cropped-italpack-logo.png\",\"contentUrl\":\"https:\/\/italpackalbania.com\/wp-content\/uploads\/2025\/12\/cropped-italpack-logo.png\",\"width\":512,\"height\":512,\"caption\":\"ItalPack Albania\"},\"image\":{\"@id\":\"https:\/\/italpackalbania.com\/#\/schema\/logo\/image\/\"},\"sameAs\":[\"https:\/\/www.facebook.com\/italpack.albania.37\/\",\"https:\/\/www.instagram.com\/italpackalbania\/\"]}]}<\/script>\n<!-- \/ Yoast SEO plugin. -->","yoast_head_json":{"title":"Hagleitner Havon FS - Italpack Albania","description":"Zbuloni gam\u00ebn ton\u00eb t\u00eb plot\u00eb t\u00eb produkteve p\u00ebr hotele dhe biznese: amenities premium, detergjente profesionale dhe paketime","robots":{"index":"index","follow":"follow","max-snippet":"max-snippet:-1","max-image-preview":"max-image-preview:large","max-video-preview":"max-video-preview:-1"},"canonical":"https:\/\/italpackalbania.com\/index.php\/product\/hagleitner-havon-fs\/","og_locale":"en_US","og_type":"article","og_title":"Hagleitner Havon FS - Italpack Albania","og_description":"Zbuloni gam\u00ebn ton\u00eb t\u00eb plot\u00eb t\u00eb produkteve p\u00ebr hotele dhe biznese: amenities premium, detergjente profesionale dhe paketime","og_url":"https:\/\/italpackalbania.com\/index.php\/product\/hagleitner-havon-fs\/","og_site_name":"Italpack Albania","article_publisher":"https:\/\/www.facebook.com\/italpack.albania.37\/","article_modified_time":"2026-01-10T11:45:56+00:00","og_image":[{"width":1654,"height":1654,"url":"https:\/\/italpackalbania.com\/wp-content\/uploads\/2025\/11\/detergjente-per-njolla.png","type":"image\/png"}],"twitter_card":"summary_large_image","twitter_misc":{"Est. reading time":"2 minutes"},"schema":{"@context":"https:\/\/schema.org","@graph":[{"@type":"WebPage","@id":"https:\/\/italpackalbania.com\/index.php\/product\/hagleitner-havon-fs\/","url":"https:\/\/italpackalbania.com\/index.php\/product\/hagleitner-havon-fs\/","name":"Hagleitner Havon FS - Italpack Albania","isPartOf":{"@id":"https:\/\/italpackalbania.com\/#website"},"primaryImageOfPage":{"@id":"https:\/\/italpackalbania.com\/index.php\/product\/hagleitner-havon-fs\/#primaryimage"},"image":{"@id":"https:\/\/italpackalbania.com\/index.php\/product\/hagleitner-havon-fs\/#primaryimage"},"thumbnailUrl":"https:\/\/italpackalbania.com\/wp-content\/uploads\/2025\/11\/detergjente-per-njolla.png","datePublished":"2025-11-25T09:33:33+00:00","dateModified":"2026-01-10T11:45:56+00:00","description":"Zbuloni gam\u00ebn ton\u00eb t\u00eb plot\u00eb t\u00eb produkteve p\u00ebr hotele dhe biznese: amenities premium, detergjente profesionale dhe paketime","breadcrumb":{"@id":"https:\/\/italpackalbania.com\/index.php\/product\/hagleitner-havon-fs\/#breadcrumb"},"inLanguage":"en-US","potentialAction":[{"@type":"ReadAction","target":["https:\/\/italpackalbania.com\/index.php\/product\/hagleitner-havon-fs\/"]}]},{"@type":"ImageObject","inLanguage":"en-US","@id":"https:\/\/italpackalbania.com\/index.php\/product\/hagleitner-havon-fs\/#primaryimage","url":"https:\/\/italpackalbania.com\/wp-content\/uploads\/2025\/11\/detergjente-per-njolla.png","contentUrl":"https:\/\/italpackalbania.com\/wp-content\/uploads\/2025\/11\/detergjente-per-njolla.png","width":1654,"height":1654,"caption":"detergjente per pastrim"},{"@type":"BreadcrumbList","@id":"https:\/\/italpackalbania.com\/index.php\/product\/hagleitner-havon-fs\/#breadcrumb","itemListElement":[{"@type":"ListItem","position":1,"name":"Home","item":"https:\/\/italpackalbania.com\/"},{"@type":"ListItem","position":2,"name":"Products","item":"https:\/\/italpackalbania.com\/index.php\/shop\/"},{"@type":"ListItem","position":3,"name":"Hagleitner Havon FS"}]},{"@type":"WebSite","@id":"https:\/\/italpackalbania.com\/#website","url":"https:\/\/italpackalbania.com\/","name":"Italpack Albania","description":"Aksesor\u00eb p\u00ebr hoteleri, detergjent\u00eb p\u00ebr sht\u00ebpi, hoteleri, restorante, paketime p\u00ebr delivery, ambalazhime p\u00ebr biznese","publisher":{"@id":"https:\/\/italpackalbania.com\/#organization"},"potentialAction":[{"@type":"SearchAction","target":{"@type":"EntryPoint","urlTemplate":"https:\/\/italpackalbania.com\/?s={search_term_string}"},"query-input":{"@type":"PropertyValueSpecification","valueRequired":true,"valueName":"search_term_string"}}],"inLanguage":"en-US"},{"@type":"Organization","@id":"https:\/\/italpackalbania.com\/#organization","name":"ItalPack Albania","url":"https:\/\/italpackalbania.com\/","logo":{"@type":"ImageObject","inLanguage":"en-US","@id":"https:\/\/italpackalbania.com\/#\/schema\/logo\/image\/","url":"https:\/\/italpackalbania.com\/wp-content\/uploads\/2025\/12\/cropped-italpack-logo.png","contentUrl":"https:\/\/italpackalbania.com\/wp-content\/uploads\/2025\/12\/cropped-italpack-logo.png","width":512,"height":512,"caption":"ItalPack Albania"},"image":{"@id":"https:\/\/italpackalbania.com\/#\/schema\/logo\/image\/"},"sameAs":["https:\/\/www.facebook.com\/italpack.albania.37\/","https:\/\/www.instagram.com\/italpackalbania\/"]}]}},"_links":{"self":[{"href":"https:\/\/italpackalbania.com\/index.php\/wp-json\/wp\/v2\/product\/660","targetHints":{"allow":["GET"]}}],"collection":[{"href":"https:\/\/italpackalbania.com\/index.php\/wp-json\/wp\/v2\/product"}],"about":[{"href":"https:\/\/italpackalbania.com\/index.php\/wp-json\/wp\/v2\/types\/product"}],"wp:featuredmedia":[{"embeddable":true,"href":"https:\/\/italpackalbania.com\/index.php\/wp-json\/wp\/v2\/media\/661"}],"wp:attachment":[{"href":"https:\/\/italpackalbania.com\/index.php\/wp-json\/wp\/v2\/media?parent=660"}],"wp:term":[{"taxonomy":"product_brand","embeddable":true,"href":"https:\/\/italpackalbania.com\/index.php\/wp-json\/wp\/v2\/product_brand?post=660"},{"taxonomy":"product_cat","embeddable":true,"href":"https:\/\/italpackalbania.com\/index.php\/wp-json\/wp\/v2\/product_cat?post=660"},{"taxonomy":"product_tag","embeddable":true,"href":"https:\/\/italpackalbania.com\/index.php\/wp-json\/wp\/v2\/product_tag?post=660"}],"curies":[{"name":"wp","href":"https:\/\/api.w.org\/{rel}","templated":true}]}}